{"version":"1.0","provider_name":"CLEO (Community Legal Education Ontario \/ \u00c9ducation juridique communautaire Ontario)","provider_url":"https:\/\/www.cleo.on.ca\/fr","author_name":"Mira Poliszczuk","author_url":"https:\/\/www.cleo.on.ca\/fr\/author\/mira","title":"S'absenter du travail : Futurs et nouveaux parents - CLEO (Community Legal Education Ontario \/ \u00c9ducation juridique communautaire Ontario)","type":"rich","width":600,"height":338,"html":"<blockquote class=\"wp-embedded-content\" data-secret=\"OMg19J8iMC\"><a href=\"https:\/\/www.cleo.on.ca\/fr\/publications\/newparfr\">S&rsquo;absenter du travail : Futurs et nouveaux parents<\/a><\/blockquote><iframe sandbox=\"allow-scripts\" security=\"restricted\" src=\"https:\/\/www.cleo.on.ca\/fr\/publications\/newparfr\/embed#?secret=OMg19J8iMC\" width=\"600\" height=\"338\" title=\"\u00ab\u00a0S&rsquo;absenter du travail : Futurs et nouveaux parents\u00a0\u00bb &#8212; CLEO (Community Legal Education Ontario \/ \u00c9ducation juridique communautaire Ontario)\" data-secret=\"OMg19J8iMC\" frameborder=\"0\" marginwidth=\"0\" marginheight=\"0\" scrolling=\"no\" class=\"wp-embedded-content\"><\/iframe><script type=\"text\/javascript\">\n\/* <![CDATA[ *\/\n\/*! This file is auto-generated *\/\n!function(d,l){\"use strict\";l.querySelector&&d.addEventListener&&\"undefined\"!=typeof URL&&(d.wp=d.wp||{},d.wp.receiveEmbedMessage||(d.wp.receiveEmbedMessage=function(e){var t=e.data;if((t||t.secret||t.message||t.value)&&!\/[^a-zA-Z0-9]\/.test(t.secret)){for(var s,r,n,a=l.querySelectorAll('iframe[data-secret=\"'+t.secret+'\"]'),o=l.querySelectorAll('blockquote[data-secret=\"'+t.secret+'\"]'),c=new RegExp(\"^https?:$\",\"i\"),i=0;i<o.length;i++)o[i].style.display=\"none\";for(i=0;i<a.length;i++)s=a[i],e.source===s.contentWindow&&(s.removeAttribute(\"style\"),\"height\"===t.message?(1e3<(r=parseInt(t.value,10))?r=1e3:~~r<200&&(r=200),s.height=r):\"link\"===t.message&&(r=new URL(s.getAttribute(\"src\")),n=new URL(t.value),c.test(n.protocol))&&n.host===r.host&&l.activeElement===s&&(d.top.location.href=t.value))}},d.addEventListener(\"message\",d.wp.receiveEmbedMessage,!1),l.addEventListener(\"DOMContentLoaded\",function(){for(var e,t,s=l.querySelectorAll(\"iframe.wp-embedded-content\"),r=0;r<s.length;r++)(t=(e=s[r]).getAttribute(\"data-secret\"))||(t=Math.random().toString(36).substring(2,12),e.src+=\"#?secret=\"+t,e.setAttribute(\"data-secret\",t)),e.contentWindow.postMessage({message:\"ready\",secret:t},\"*\")},!1)))}(window,document);\n\/* ]]> *\/\n<\/script>\n","thumbnail_url":"https:\/\/www.cleo.on.ca\/wp-content\/uploads\/newparfr.jpg","thumbnail_width":500,"thumbnail_height":740,"description":"Cette ressource fournit des explications sur les cong\u00e9s de maternit\u00e9 et les cong\u00e9s parentaux pr\u00e9vus par le droit ontarien de m\u00eame que sur les prestations de maternit\u00e9 et les prestations parentales du r\u00e9gime de l'assurance-emploi (AE). Elle explique \u00e9galement le nombre de semaines de prestations et de cong\u00e9s que les parents biologiques et adoptifs peuvent recevoir."}

CLEO (Community Legal Education Ontario / Éducation juridique communautaire Ontario)

S'absenter du travail : Futurs et nouveaux parents - CLEO (Community Legal Education Ontario / Éducation juridique communautaire Ontario)

<blockquote class="wp-embedded-content" data-secret="OMg19J8iMC"><a href="https://www.cleo.on.ca/fr/publications/newparfr">S&rsquo;absenter du travail : Futurs et nouveaux parents</a></blockquote><iframe sandbox="allow-scripts" security="restricted" src="https://www.cleo.on.ca/fr/publications/newparfr/embed#?secret=OMg19J8iMC" width="600" height="338" title="« S&rsquo;absenter du travail : Futurs et nouveaux parents » &#8212; CLEO (Community Legal Education Ontario / Éducation juridique communautaire Ontario)" data-secret="OMg19J8iMC" frameborder="0" marginwidth="0" marginheight="0" scrolling="no" class="wp-embedded-content"></iframe><script type="text/javascript">
/* <![CDATA[ */
/*! This file is auto-generated */
!function(d,l){"use strict";l.querySelector&&d.addEventListener&&"undefined"!=typeof URL&&(d.wp=d.wp||{},d.wp.receiveEmbedMessage||(d.wp.receiveEmbedMessage=function(e){var t=e.data;if((t||t.secret||t.message||t.value)&&!/[^a-zA-Z0-9]/.test(t.secret)){for(var s,r,n,a=l.querySelectorAll('iframe[data-secret="'+t.secret+'"]'),o=l.querySelectorAll('blockquote[data-secret="'+t.secret+'"]'),c=new RegExp("^https?:$","i"),i=0;i<o.length;i++)o[i].style.display="none";for(i=0;i<a.length;i++)s=a[i],e.source===s.contentWindow&&(s.removeAttribute("style"),"height"===t.message?(1e3<(r=parseInt(t.value,10))?r=1e3:~~r<200&&(r=200),s.height=r):"link"===t.message&&(r=new URL(s.getAttribute("src")),n=new URL(t.value),c.test(n.protocol))&&n.host===r.host&&l.activeElement===s&&(d.top.location.href=t.value))}},d.addEventListener("message",d.wp.receiveEmbedMessage,!1),l.addEventListener("DOMContentLoaded",function(){for(var e,t,s=l.querySelectorAll("iframe.wp-embedded-content"),r=0;r<s.length;r++)(t=(e=s[r]).getAttribute("data-secret"))||(t=Math.random().toString(36).substring(2,12),e.src+="#?secret="+t,e.setAttribute("data-secret",t)),e.contentWindow.postMessage({message:"ready",secret:t},"*")},!1)))}(window,document);
/* ]]> */
</script>

Cette ressource fournit des explications sur les congés de maternité et les congés parentaux prévus par le droit ontarien de même que sur les prestations de maternité et les prestations parentales du régime de l'assurance-emploi (AE). Elle explique également le nombre de semaines de prestations et de congés que les parents biologiques et adoptifs peuvent recevoir.
