{"id":38227,"date":"2022-03-11T06:46:35","date_gmt":"2022-03-11T11:46:35","guid":{"rendered":"https:\/\/orders.cleo.on.ca\/?page_id=38227"},"modified":"2022-05-05T16:21:36","modified_gmt":"2022-05-05T20:21:36","slug":"plan-daction-de-cleo-contre-le-racisme","status":"publish","type":"page","link":"https:\/\/www.cleo.on.ca\/fr\/a-propos\/plan-daction-de-cleo-contre-le-racisme","title":{"rendered":"Plan d\u2019action de CLEO contre le racisme"},"content":{"rendered":"<p>CLEO \u0153uvre afin d&rsquo;aider les personnes qui vivent avec un faible revenu ou qui connaissent d&rsquo;autres d\u00e9savantages sociaux li\u00e9s \u00e0 la compr\u00e9hension et \u00e0 l&rsquo;exercice de leurs droits juridiques. Les personnes racis\u00e9es ou autochtones constituent un nombre disproportionn\u00e9 de personnes qui vivent avec un faible revenu ou qui connaissent des d\u00e9savantages sociaux. CLEO dessert ces communaut\u00e9s qui sont au c\u0153ur de son travail chaque jour.<\/p>\n<p>Nous reconnaissons que le travail de CLEO n&rsquo;a pas, auparavant, eu une approche d\u00e9termin\u00e9e quant \u00e0 servir ou \u00e0 rejoindre des personnes racis\u00e9es ou autochtones. Nous nous engageons \u00e0 rem\u00e9dier \u00e0 cette lacune, en reconnaissant qu&rsquo;il est imp\u00e9ratif de prendre des mesures proactives et significatives pour faire face au probl\u00e8me de longue date et g\u00e9n\u00e9ral du racisme syst\u00e9mique. CLEO a \u00e9labor\u00e9 et met actuellement en \u0153uvre un plan d&rsquo;action concret pour am\u00e9liorer notre travail avec et pour les communaut\u00e9s racis\u00e9es et autochtones de l&rsquo;Ontario.<\/p>\n<p>Le plan d&rsquo;action de CLEO comporte trois volets que nous nous engageons \u00e0 mettre en \u0153uvre au courant de l&rsquo;ann\u00e9e prochaine. Le premier volet de notre plan met l&rsquo;accent sur <strong>la fa\u00e7on dont nous pouvons am\u00e9liorer nos ressources et nos services<\/strong> en :<\/p>\n<ul>\n<li>recueillant des donn\u00e9es sur l&rsquo;utilisation de nos ressources et services par les personnes racis\u00e9es et autochtones, ainsi que par les organisations qui les desservent.<\/li>\n<li>accentuant notre participation aupr\u00e8s des organisations qui desservent les communaut\u00e9s racis\u00e9es et les peuples autochtones; en les contactant pour nous assurer que leur exp\u00e9rience et leurs points de vue sont int\u00e9gr\u00e9s dans nos ressources, services et comit\u00e9s de programmes.<\/li>\n<li>int\u00e9grant des images, des graphiques et des exemples descriptifs dans nos productions pour illustrer ou refl\u00e9ter l&rsquo;exp\u00e9rience v\u00e9cue par des personnes racis\u00e9es et autochtones.<\/li>\n<\/ul>\n<p>Le second volet de notre plan vise \u00e0 <strong>fournir des formations au personnel de CLEO afin de l&rsquo;aider \u00e0 apprendre et \u00e0 r\u00e9fl\u00e9chir<\/strong> sur le racisme syst\u00e9mique et comment il affecte les personnes racis\u00e9es et autochtones, ainsi que d&rsquo;autres probl\u00e8mes.<\/p>\n<p>Le troisi\u00e8me volet de notre plan consiste \u00e0 <strong>examiner les politiques et les pratiques organisationnelles de CLEO pour nous assurer que CLEO<\/strong>, en tant qu&rsquo;<strong>organisation, exprime et pratique une approche d\u00e9lib\u00e9r\u00e9e, proactive et fond\u00e9e sur l&rsquo;\u00e9quit\u00e9<\/strong>.<\/p>\n<p>Nous suivrons nos activit\u00e9s associ\u00e9es \u00e0 ces objectifs et les r\u00e9viserons ou apporterons des modifications selon les besoins, afin d&rsquo;attester des progr\u00e8s concrets.<\/p>\n<p>Ce plan a \u00e9t\u00e9 adopt\u00e9 par le conseil d&rsquo;administration de CLEO le 30 septembre 2020.<\/p>","protected":false},"excerpt":{"rendered":"<p>CLEO \u0153uvre afin d&rsquo;aider les personnes qui vivent avec un faible revenu ou qui connaissent d&rsquo;autres d\u00e9savantages sociaux li\u00e9s \u00e0 la compr\u00e9hension et \u00e0 l&rsquo;exercice de leurs droits juridiques. Les personnes racis\u00e9es ou autochtones constituent un nombre disproportionn\u00e9 de personnes qui vivent avec un faible revenu ou qui connaissent des d\u00e9savantages sociaux.<\/p>\n","protected":false},"author":2,"featured_media":0,"parent":38181,"menu_order":0,"comment_status":"closed","ping_status":"closed","template":"","meta":{"ub_ctt_via":"","inline_featured_image":false,"footnotes":""},"class_list":["post-38227","page","type-page","status-publish","hentry"],"featured_image_src":null,"yoast_head":"<!-- This site is optimized with the Yoast SEO plugin v25.2 - https:\/\/yoast.com\/wordpress\/plugins\/seo\/ -->\n<title>Plan d\u2019action de CLEO contre le racisme - CLEO (Community Legal Education Ontario \/ \u00c9ducation juridique communautaire Ontario)<\/title>\n<meta name=\"robots\" content=\"index, follow, max-snippet:-1, max-image-preview:large, max-video-preview:-1\" \/>\n<link rel=\"canonical\" href=\"https:\/\/www.cleo.on.ca\/fr\/a-propos\/plan-daction-de-cleo-contre-le-racisme\" \/>\n<meta property=\"og:locale\" content=\"fr_FR\" \/>\n<meta property=\"og:type\" content=\"article\" \/>\n<meta property=\"og:title\" content=\"Plan d\u2019action de CLEO contre le racisme - CLEO (Community Legal Education Ontario \/ \u00c9ducation juridique communautaire Ontario)\" \/>\n<meta property=\"og:description\" content=\"CLEO \u0153uvre afin d&rsquo;aider les personnes qui vivent avec un faible revenu ou qui connaissent d&rsquo;autres d\u00e9savantages sociaux li\u00e9s \u00e0 la compr\u00e9hension et \u00e0 l&rsquo;exercice de leurs droits juridiques. Les personnes racis\u00e9es ou autochtones constituent un nombre disproportionn\u00e9 de personnes qui vivent avec un faible revenu ou qui connaissent des d\u00e9savantages sociaux.\" \/>\n<meta property=\"og:url\" content=\"https:\/\/www.cleo.on.ca\/fr\/a-propos\/plan-daction-de-cleo-contre-le-racisme\" \/>\n<meta property=\"og:site_name\" content=\"CLEO (Community Legal Education Ontario \/ \u00c9ducation juridique communautaire Ontario)\" \/>\n<meta property=\"article:modified_time\" content=\"2022-05-05T20:21:36+00:00\" \/>\n<meta name=\"twitter:card\" content=\"summary_large_image\" \/>\n<meta name=\"twitter:label1\" content=\"Dur\u00e9e de lecture estim\u00e9e\" \/>\n\t<meta name=\"twitter:data1\" content=\"2 minutes\" \/>\n<script type=\"application\/ld+json\" class=\"yoast-schema-graph\">{\"@context\":\"https:\/\/schema.org\",\"@graph\":[{\"@type\":\"WebPage\",\"@id\":\"https:\/\/www.cleo.on.ca\/fr\/a-propos\/plan-daction-de-cleo-contre-le-racisme\",\"url\":\"https:\/\/www.cleo.on.ca\/fr\/a-propos\/plan-daction-de-cleo-contre-le-racisme\",\"name\":\"Plan d\u2019action de CLEO contre le racisme - CLEO (Community Legal Education Ontario \/ \u00c9ducation juridique communautaire Ontario)\",\"isPartOf\":{\"@id\":\"https:\/\/www.cleo.on.ca\/fr#website\"},\"datePublished\":\"2022-03-11T11:46:35+00:00\",\"dateModified\":\"2022-05-05T20:21:36+00:00\",\"breadcrumb\":{\"@id\":\"https:\/\/www.cleo.on.ca\/fr\/a-propos\/plan-daction-de-cleo-contre-le-racisme#breadcrumb\"},\"inLanguage\":\"fr-FR\",\"potentialAction\":[{\"@type\":\"ReadAction\",\"target\":[\"https:\/\/www.cleo.on.ca\/fr\/a-propos\/plan-daction-de-cleo-contre-le-racisme\"]}]},{\"@type\":\"BreadcrumbList\",\"@id\":\"https:\/\/www.cleo.on.ca\/fr\/a-propos\/plan-daction-de-cleo-contre-le-racisme#breadcrumb\",\"itemListElement\":[{\"@type\":\"ListItem\",\"position\":1,\"name\":\"Home\",\"item\":\"https:\/\/www.cleo.on.ca\/fr\/accueil-2\"},{\"@type\":\"ListItem\",\"position\":2,\"name\":\"\u00c0 propos\",\"item\":\"https:\/\/www.cleo.on.ca\/fr\/a-propos\"},{\"@type\":\"ListItem\",\"position\":3,\"name\":\"Plan d\u2019action de CLEO contre le racisme\"}]},{\"@type\":\"WebSite\",\"@id\":\"https:\/\/www.cleo.on.ca\/fr#website\",\"url\":\"https:\/\/www.cleo.on.ca\/fr\",\"name\":\"CLEO (Community Legal Education Ontario \/ \u00c9ducation juridique communautaire Ontario)\",\"description\":\"\",\"potentialAction\":[{\"@type\":\"SearchAction\",\"target\":{\"@type\":\"EntryPoint\",\"urlTemplate\":\"https:\/\/www.cleo.on.ca\/fr?s={search_term_string}\"},\"query-input\":{\"@type\":\"PropertyValueSpecification\",\"valueRequired\":true,\"valueName\":\"search_term_string\"}}],\"inLanguage\":\"fr-FR\"}]}<\/script>\n<!-- \/ Yoast SEO plugin. -->","yoast_head_json":{"title":"Plan d\u2019action de CLEO contre le racisme - CLEO (Community Legal Education Ontario \/ \u00c9ducation juridique communautaire Ontario)","robots":{"index":"index","follow":"follow","max-snippet":"max-snippet:-1","max-image-preview":"max-image-preview:large","max-video-preview":"max-video-preview:-1"},"canonical":"https:\/\/www.cleo.on.ca\/fr\/a-propos\/plan-daction-de-cleo-contre-le-racisme","og_locale":"fr_FR","og_type":"article","og_title":"Plan d\u2019action de CLEO contre le racisme - CLEO (Community Legal Education Ontario \/ \u00c9ducation juridique communautaire Ontario)","og_description":"CLEO \u0153uvre afin d&rsquo;aider les personnes qui vivent avec un faible revenu ou qui connaissent d&rsquo;autres d\u00e9savantages sociaux li\u00e9s \u00e0 la compr\u00e9hension et \u00e0 l&rsquo;exercice de leurs droits juridiques. Les personnes racis\u00e9es ou autochtones constituent un nombre disproportionn\u00e9 de personnes qui vivent avec un faible revenu ou qui connaissent des d\u00e9savantages sociaux.","og_url":"https:\/\/www.cleo.on.ca\/fr\/a-propos\/plan-daction-de-cleo-contre-le-racisme","og_site_name":"CLEO (Community Legal Education Ontario \/ \u00c9ducation juridique communautaire Ontario)","article_modified_time":"2022-05-05T20:21:36+00:00","twitter_card":"summary_large_image","twitter_misc":{"Dur\u00e9e de lecture estim\u00e9e":"2 minutes"},"schema":{"@context":"https:\/\/schema.org","@graph":[{"@type":"WebPage","@id":"https:\/\/www.cleo.on.ca\/fr\/a-propos\/plan-daction-de-cleo-contre-le-racisme","url":"https:\/\/www.cleo.on.ca\/fr\/a-propos\/plan-daction-de-cleo-contre-le-racisme","name":"Plan d\u2019action de CLEO contre le racisme - CLEO (Community Legal Education Ontario \/ \u00c9ducation juridique communautaire Ontario)","isPartOf":{"@id":"https:\/\/www.cleo.on.ca\/fr#website"},"datePublished":"2022-03-11T11:46:35+00:00","dateModified":"2022-05-05T20:21:36+00:00","breadcrumb":{"@id":"https:\/\/www.cleo.on.ca\/fr\/a-propos\/plan-daction-de-cleo-contre-le-racisme#breadcrumb"},"inLanguage":"fr-FR","potentialAction":[{"@type":"ReadAction","target":["https:\/\/www.cleo.on.ca\/fr\/a-propos\/plan-daction-de-cleo-contre-le-racisme"]}]},{"@type":"BreadcrumbList","@id":"https:\/\/www.cleo.on.ca\/fr\/a-propos\/plan-daction-de-cleo-contre-le-racisme#breadcrumb","itemListElement":[{"@type":"ListItem","position":1,"name":"Home","item":"https:\/\/www.cleo.on.ca\/fr\/accueil-2"},{"@type":"ListItem","position":2,"name":"\u00c0 propos","item":"https:\/\/www.cleo.on.ca\/fr\/a-propos"},{"@type":"ListItem","position":3,"name":"Plan d\u2019action de CLEO contre le racisme"}]},{"@type":"WebSite","@id":"https:\/\/www.cleo.on.ca\/fr#website","url":"https:\/\/www.cleo.on.ca\/fr","name":"CLEO (Community Legal Education Ontario \/ \u00c9ducation juridique communautaire Ontario)","description":"","potentialAction":[{"@type":"SearchAction","target":{"@type":"EntryPoint","urlTemplate":"https:\/\/www.cleo.on.ca\/fr?s={search_term_string}"},"query-input":{"@type":"PropertyValueSpecification","valueRequired":true,"valueName":"search_term_string"}}],"inLanguage":"fr-FR"}]}},"meta_box":{"page_show_banner":"0","page_banner_type":"banner","page_banner_title":"","page_banner_title_color":"","page_banner_description":"","page_banner_image":[],"contact_shortcode":"","contact_address":"","contact_address_details":"","contact_map":{"latitude":"","longitude":"","zoom":""},"remove_map":"","contact_company_name":"","contact_company_phones":[],"contact_company_email":"","contact_textarea":"","contact_other_text_block":"","contact_other_locations_show":"","contact_other_locations_title":"","contact_other_locations_type":"","contact_other_locations":[],"contact_gmaps_zoom_control":"","contact_gmaps_map_type_control":"","contact_gmaps_scaleControl":"","contact_gmaps_streetViewControl":"","contact_gmaps_rotateControl":"","contact_gmaps_fullscreenControl":"","location_gmaps_zoom_control":"","location_gmaps_map_type_control":"","location_gmaps_scaleControl":"","location_gmaps_streetViewControl":"","location_gmaps_rotateControl":"","location_gmaps_fullscreenControl":"","menu_page_links_type":"","menu_page_links":[],"menu_page_links_bottom_content":"","external_links_type":"","external_links":[],"external_sublinks":[],"private_staff_information_blocks":[],"private_staff_links_title":"","private_staff_links":[],"legal_topic_menu":[],"sb_display_type":"","sb_people_block":[],"guided_pathways_top_image":false,"guided_pathways_top_description":"","guided_pathways_topic_menu":"","guided_pathways_whats_new_title":"","guided_pathways_news_category":[],"guided_pathways_button_title":"","guided_pathways_button_url":"","guided_pathways_coming_soon_title":"","guided_pathways_coming_soon_category":[],"guided_pathways_coming_soon_button_title":"","guided_pathways_coming_soon_button_url":"","guided_pathways_job_openings_title":"","guided_pathways_job_openings_category":[],"guided_pathways_job_openings_button_title":"","guided_pathways_job_openings_button_url":"","guided_pathways_featured_studies_title":"","guided_pathways_featured_studies_menu":"","guided_pathways_featured_studies_button_title":"","guided_pathways_featured_studies_button_url":"","banner_title":"","banner_description":"","banner_button_title":"","banner_button_url":"","social_menu":"","resource_section_title":"","resources":[],"announcements_title":"","announcements":[],"homepage_news_title":"","homepage_news_category":[],"homepage_news_button_title":"","homepage_news_button_url":"","hide_title":"","page_to_resources_to":[]},"_links":{"self":[{"href":"https:\/\/www.cleo.on.ca\/fr\/wp-json\/wp\/v2\/pages\/38227","targetHints":{"allow":["GET"]}}],"collection":[{"href":"https:\/\/www.cleo.on.ca\/fr\/wp-json\/wp\/v2\/pages"}],"about":[{"href":"https:\/\/www.cleo.on.ca\/fr\/wp-json\/wp\/v2\/types\/page"}],"author":[{"embeddable":true,"href":"https:\/\/www.cleo.on.ca\/fr\/wp-json\/wp\/v2\/users\/2"}],"replies":[{"embeddable":true,"href":"https:\/\/www.cleo.on.ca\/fr\/wp-json\/wp\/v2\/comments?post=38227"}],"version-history":[{"count":1,"href":"https:\/\/www.cleo.on.ca\/fr\/wp-json\/wp\/v2\/pages\/38227\/revisions"}],"predecessor-version":[{"id":38228,"href":"https:\/\/www.cleo.on.ca\/fr\/wp-json\/wp\/v2\/pages\/38227\/revisions\/38228"}],"up":[{"embeddable":true,"href":"https:\/\/www.cleo.on.ca\/fr\/wp-json\/wp\/v2\/pages\/38181"}],"wp:attachment":[{"href":"https:\/\/www.cleo.on.ca\/fr\/wp-json\/wp\/v2\/media?parent=38227"}],"curies":[{"name":"wp","href":"https:\/\/api.w.org\/{rel}","templated":true}]}}

<p>CLEO œuvre afin d&rsquo;aider les personnes qui vivent avec un faible revenu ou qui connaissent d&rsquo;autres désavantages sociaux liés à la compréhension et à l&rsquo;exercice de leurs droits juridiques. Les personnes racisées ou autochtones constituent un nombre disproportionné de personnes qui vivent avec un faible revenu ou qui connaissent des désavantages sociaux. CLEO dessert ces communautés qui sont au cœur de son travail chaque jour.</p>
<p>Nous reconnaissons que le travail de CLEO n&rsquo;a pas, auparavant, eu une approche déterminée quant à servir ou à rejoindre des personnes racisées ou autochtones. Nous nous engageons à remédier à cette lacune, en reconnaissant qu&rsquo;il est impératif de prendre des mesures proactives et significatives pour faire face au problème de longue date et général du racisme systémique. CLEO a élaboré et met actuellement en œuvre un plan d&rsquo;action concret pour améliorer notre travail avec et pour les communautés racisées et autochtones de l&rsquo;Ontario.</p>
<p>Le plan d&rsquo;action de CLEO comporte trois volets que nous nous engageons à mettre en œuvre au courant de l&rsquo;année prochaine. Le premier volet de notre plan met l&rsquo;accent sur <strong>la façon dont nous pouvons améliorer nos ressources et nos services</strong> en :</p>
<ul>
<li>recueillant des données sur l&rsquo;utilisation de nos ressources et services par les personnes racisées et autochtones, ainsi que par les organisations qui les desservent.</li>
<li>accentuant notre participation auprès des organisations qui desservent les communautés racisées et les peuples autochtones; en les contactant pour nous assurer que leur expérience et leurs points de vue sont intégrés dans nos ressources, services et comités de programmes.</li>
<li>intégrant des images, des graphiques et des exemples descriptifs dans nos productions pour illustrer ou refléter l&rsquo;expérience vécue par des personnes racisées et autochtones.</li>
</ul>
<p>Le second volet de notre plan vise à <strong>fournir des formations au personnel de CLEO afin de l&rsquo;aider à apprendre et à réfléchir</strong> sur le racisme systémique et comment il affecte les personnes racisées et autochtones, ainsi que d&rsquo;autres problèmes.</p>
<p>Le troisième volet de notre plan consiste à <strong>examiner les politiques et les pratiques organisationnelles de CLEO pour nous assurer que CLEO</strong>, en tant qu&rsquo;<strong>organisation, exprime et pratique une approche délibérée, proactive et fondée sur l&rsquo;équité</strong>.</p>
<p>Nous suivrons nos activités associées à ces objectifs et les réviserons ou apporterons des modifications selon les besoins, afin d&rsquo;attester des progrès concrets.</p>
<p>Ce plan a été adopté par le conseil d&rsquo;administration de CLEO le 30 septembre 2020.</p>

<p>CLEO œuvre afin d&rsquo;aider les personnes qui vivent avec un faible revenu ou qui connaissent d&rsquo;autres désavantages sociaux liés à la compréhension et à l&rsquo;exercice de leurs droits juridiques. Les personnes racisées ou autochtones constituent un nombre disproportionné de personnes qui vivent avec un faible revenu ou qui connaissent des désavantages sociaux.</p>

<!-- This site is optimized with the Yoast SEO plugin v25.2 - https://yoast.com/wordpress/plugins/seo/ -->
<title>Plan d’action de CLEO contre le racisme - CLEO (Community Legal Education Ontario / Éducation juridique communautaire Ontario)</title>
<meta name="robots" content="index, follow, max-snippet:-1, max-image-preview:large, max-video-preview:-1" />
<link rel="canonical" href="https://www.cleo.on.ca/fr/a-propos/plan-daction-de-cleo-contre-le-racisme" />
<meta property="og:locale" content="fr_FR" />
<meta property="og:type" content="article" />
<meta property="og:title" content="Plan d’action de CLEO contre le racisme - CLEO (Community Legal Education Ontario / Éducation juridique communautaire Ontario)" />
<meta property="og:description" content="CLEO œuvre afin d&rsquo;aider les personnes qui vivent avec un faible revenu ou qui connaissent d&rsquo;autres désavantages sociaux liés à la compréhension et à l&rsquo;exercice de leurs droits juridiques. Les personnes racisées ou autochtones constituent un nombre disproportionné de personnes qui vivent avec un faible revenu ou qui connaissent des désavantages sociaux." />
<meta property="og:url" content="https://www.cleo.on.ca/fr/a-propos/plan-daction-de-cleo-contre-le-racisme" />
<meta property="og:site_name" content="CLEO (Community Legal Education Ontario / Éducation juridique communautaire Ontario)" />
<meta property="article:modified_time" content="2022-05-05T20:21:36+00:00" />
<meta name="twitter:card" content="summary_large_image" />
<meta name="twitter:label1" content="Durée de lecture estimée" />
	<meta name="twitter:data1" content="2 minutes" />
<script type="application/ld+json" class="yoast-schema-graph">{"@context":"https://schema.org","@graph":[{"@type":"WebPage","@id":"https://www.cleo.on.ca/fr/a-propos/plan-daction-de-cleo-contre-le-racisme","url":"https://www.cleo.on.ca/fr/a-propos/plan-daction-de-cleo-contre-le-racisme","name":"Plan d’action de CLEO contre le racisme - CLEO (Community Legal Education Ontario / Éducation juridique communautaire Ontario)","isPartOf":{"@id":"https://www.cleo.on.ca/fr#website"},"datePublished":"2022-03-11T11:46:35+00:00","dateModified":"2022-05-05T20:21:36+00:00","breadcrumb":{"@id":"https://www.cleo.on.ca/fr/a-propos/plan-daction-de-cleo-contre-le-racisme#breadcrumb"},"inLanguage":"fr-FR","potentialAction":[{"@type":"ReadAction","target":["https://www.cleo.on.ca/fr/a-propos/plan-daction-de-cleo-contre-le-racisme"]}]},{"@type":"BreadcrumbList","@id":"https://www.cleo.on.ca/fr/a-propos/plan-daction-de-cleo-contre-le-racisme#breadcrumb","itemListElement":[{"@type":"ListItem","position":1,"name":"Home","item":"https://www.cleo.on.ca/fr/accueil-2"},{"@type":"ListItem","position":2,"name":"À propos","item":"https://www.cleo.on.ca/fr/a-propos"},{"@type":"ListItem","position":3,"name":"Plan d’action de CLEO contre le racisme"}]},{"@type":"WebSite","@id":"https://www.cleo.on.ca/fr#website","url":"https://www.cleo.on.ca/fr","name":"CLEO (Community Legal Education Ontario / Éducation juridique communautaire Ontario)","description":"","potentialAction":[{"@type":"SearchAction","target":{"@type":"EntryPoint","urlTemplate":"https://www.cleo.on.ca/fr?s={search_term_string}"},"query-input":{"@type":"PropertyValueSpecification","valueRequired":true,"valueName":"search_term_string"}}],"inLanguage":"fr-FR"}]}</script>
<!-- / Yoast SEO plugin. -->

Plan d’action de CLEO contre le racisme - CLEO (Community Legal Education Ontario / Éducation juridique communautaire Ontario)

CLEO œuvre afin d&rsquo;aider les personnes qui vivent avec un faible revenu ou qui connaissent d&rsquo;autres désavantages sociaux liés à la compréhension et à l&rsquo;exercice de leurs droits juridiques. Les personnes racisées ou autochtones constituent un nombre disproportionné de personnes qui vivent avec un faible revenu ou qui connaissent des désavantages sociaux.

CLEO (Community Legal Education Ontario / Éducation juridique communautaire Ontario)

À propos
