{"id":47042,"date":"2014-08-27T16:16:32","date_gmt":"2014-08-27T20:16:32","guid":{"rendered":""},"modified":"2025-05-08T10:55:10","modified_gmt":"2025-05-08T14:55:10","slug":"y-t-il-des-exceptions-linterdiction-de-presenter-une-demande-ch-avant-lecoulem","status":"publish","type":"publications-page","link":"https:\/\/www.cleo.on.ca\/fr\/publications-page\/y-t-il-des-exceptions-linterdiction-de-presenter-une-demande-ch-avant-lecoulem","title":{"rendered":"Quels dangers le retrait d&rsquo;une demande d&rsquo;asile comporte-t-il?"},"content":{"rendered":"<p>Le retrait de la demande d&rsquo;asile entra\u00eene la mise en vigueur de toute mesure de renvoi conditionnelle, et la demandeuse peut \u00eatre forc\u00e9e de quitter le Canada.<\/p>\n<p>La personne qui d\u00e9pose une demande CH n&rsquo;obtient <strong>pas<\/strong>, de ce fait, le droit de demeurer au Canada jusqu&rsquo;au prononc\u00e9 d&rsquo;une d\u00e9cision concernant sa demande.<\/p>\n<p>Lorsqu&rsquo;une demandeuse d&rsquo;asile retire sa demande, elle <strong>perd le droit<\/strong> de pr\u00e9senter une demande d&rsquo;asile au Canada. Cette personne est priv\u00e9e du droit de pr\u00e9senter une autre demande, et le r\u00e9tablissement d&rsquo;une demande qui a \u00e9t\u00e9 retir\u00e9e est tr\u00e8s difficile \u00e0 obtenir.<\/p>\n<p>De plus, les prestations de sant\u00e9 de la demandeuse sous le r\u00e9gime du Programme f\u00e9d\u00e9ral de sant\u00e9 int\u00e9rimaire (PFSI) seront annul\u00e9es.<\/p>\n<p>Il peut \u00e9galement y avoir d&rsquo;autres raisons pour lesquelles une personne n&rsquo;a <strong>pas<\/strong> le droit de pr\u00e9senter une demande CH.<\/p>\n<p>Avant de d\u00e9cider de retirer une demande d&rsquo;asile, il est tr\u00e8s important d&rsquo;obtenir les conseils juridiques d&rsquo;une avocate ou d&rsquo;un avocat sp\u00e9cialis\u00e9 en droit de l&rsquo;immigration et des r\u00e9fugi\u00e9s, plus particuli\u00e8rement en mati\u00e8re de demandes d&rsquo;asile fond\u00e9es sur le sexe.<\/p>\n","protected":false},"featured_media":0,"template":"","class_list":["post-47042","publications-page","type-publications-page","status-publish","hentry"],"yoast_head":"<!-- This site is optimized with the Yoast SEO plugin v25.2 - https:\/\/yoast.com\/wordpress\/plugins\/seo\/ -->\n<title>Quels dangers le retrait d&#039;une demande d&#039;asile comporte-t-il? - CLEO (Community Legal Education Ontario \/ \u00c9ducation juridique communautaire Ontario)<\/title>\n<meta name=\"robots\" content=\"index, follow, max-snippet:-1, max-image-preview:large, max-video-preview:-1\" \/>\n<link rel=\"canonical\" href=\"https:\/\/www.cleo.on.ca\/fr\/publications-page\/y-t-il-des-exceptions-linterdiction-de-presenter-une-demande-ch-avant-lecoulem\" \/>\n<meta property=\"og:locale\" content=\"fr_FR\" \/>\n<meta property=\"og:type\" content=\"article\" \/>\n<meta property=\"og:title\" content=\"Quels dangers le retrait d&#039;une demande d&#039;asile comporte-t-il? - CLEO (Community Legal Education Ontario \/ \u00c9ducation juridique communautaire Ontario)\" \/>\n<meta property=\"og:description\" content=\"Le retrait de la demande d&rsquo;asile entra\u00eene la mise en vigueur de toute mesure de renvoi conditionnelle, et la demandeuse peut \u00eatre forc\u00e9e de quitter le Canada. La personne qui d\u00e9pose une demande CH n&rsquo;obtient pas, de ce fait, le droit de demeurer au Canada jusqu&rsquo;au prononc\u00e9 d&rsquo;une d\u00e9cision concernant sa demande.\" \/>\n<meta property=\"og:url\" content=\"https:\/\/www.cleo.on.ca\/fr\/publications-page\/y-t-il-des-exceptions-linterdiction-de-presenter-une-demande-ch-avant-lecoulem\" \/>\n<meta property=\"og:site_name\" content=\"CLEO (Community Legal Education Ontario \/ \u00c9ducation juridique communautaire Ontario)\" \/>\n<meta property=\"article:modified_time\" content=\"2025-05-08T14:55:10+00:00\" \/>\n<meta name=\"twitter:card\" content=\"summary_large_image\" \/>\n<meta name=\"twitter:label1\" content=\"Dur\u00e9e de lecture estim\u00e9e\" \/>\n\t<meta name=\"twitter:data1\" content=\"1 minute\" \/>\n<script type=\"application\/ld+json\" class=\"yoast-schema-graph\">{\"@context\":\"https:\/\/schema.org\",\"@graph\":[{\"@type\":\"WebPage\",\"@id\":\"https:\/\/www.cleo.on.ca\/fr\/publications-page\/y-t-il-des-exceptions-linterdiction-de-presenter-une-demande-ch-avant-lecoulem\",\"url\":\"https:\/\/www.cleo.on.ca\/fr\/publications-page\/y-t-il-des-exceptions-linterdiction-de-presenter-une-demande-ch-avant-lecoulem\",\"name\":\"Quels dangers le retrait d'une demande d'asile comporte-t-il? - CLEO (Community Legal Education Ontario \/ \u00c9ducation juridique communautaire Ontario)\",\"isPartOf\":{\"@id\":\"https:\/\/www.cleo.on.ca\/fr#website\"},\"datePublished\":\"2014-08-27T20:16:32+00:00\",\"dateModified\":\"2025-05-08T14:55:10+00:00\",\"breadcrumb\":{\"@id\":\"https:\/\/www.cleo.on.ca\/fr\/publications-page\/y-t-il-des-exceptions-linterdiction-de-presenter-une-demande-ch-avant-lecoulem#breadcrumb\"},\"inLanguage\":\"fr-FR\",\"potentialAction\":[{\"@type\":\"ReadAction\",\"target\":[\"https:\/\/www.cleo.on.ca\/fr\/publications-page\/y-t-il-des-exceptions-linterdiction-de-presenter-une-demande-ch-avant-lecoulem\"]}]},{\"@type\":\"BreadcrumbList\",\"@id\":\"https:\/\/www.cleo.on.ca\/fr\/publications-page\/y-t-il-des-exceptions-linterdiction-de-presenter-une-demande-ch-avant-lecoulem#breadcrumb\",\"itemListElement\":[{\"@type\":\"ListItem\",\"position\":1,\"name\":\"Home\",\"item\":\"https:\/\/www.cleo.on.ca\/fr\/accueil-2\"},{\"@type\":\"ListItem\",\"position\":2,\"name\":\"Publication pages\",\"item\":\"https:\/\/www.cleo.on.ca\/fr\/publications-page\"},{\"@type\":\"ListItem\",\"position\":3,\"name\":\"Quels dangers le retrait d&#8217;une demande d&#8217;asile comporte-t-il?\"}]},{\"@type\":\"WebSite\",\"@id\":\"https:\/\/www.cleo.on.ca\/fr#website\",\"url\":\"https:\/\/www.cleo.on.ca\/fr\",\"name\":\"CLEO (Community Legal Education Ontario \/ \u00c9ducation juridique communautaire Ontario)\",\"description\":\"\",\"potentialAction\":[{\"@type\":\"SearchAction\",\"target\":{\"@type\":\"EntryPoint\",\"urlTemplate\":\"https:\/\/www.cleo.on.ca\/fr?s={search_term_string}\"},\"query-input\":{\"@type\":\"PropertyValueSpecification\",\"valueRequired\":true,\"valueName\":\"search_term_string\"}}],\"inLanguage\":\"fr-FR\"}]}<\/script>\n<!-- \/ Yoast SEO plugin. -->","yoast_head_json":{"title":"Quels dangers le retrait d'une demande d'asile comporte-t-il? - CLEO (Community Legal Education Ontario \/ \u00c9ducation juridique communautaire Ontario)","robots":{"index":"index","follow":"follow","max-snippet":"max-snippet:-1","max-image-preview":"max-image-preview:large","max-video-preview":"max-video-preview:-1"},"canonical":"https:\/\/www.cleo.on.ca\/fr\/publications-page\/y-t-il-des-exceptions-linterdiction-de-presenter-une-demande-ch-avant-lecoulem","og_locale":"fr_FR","og_type":"article","og_title":"Quels dangers le retrait d'une demande d'asile comporte-t-il? - CLEO (Community Legal Education Ontario \/ \u00c9ducation juridique communautaire Ontario)","og_description":"Le retrait de la demande d&rsquo;asile entra\u00eene la mise en vigueur de toute mesure de renvoi conditionnelle, et la demandeuse peut \u00eatre forc\u00e9e de quitter le Canada. La personne qui d\u00e9pose une demande CH n&rsquo;obtient pas, de ce fait, le droit de demeurer au Canada jusqu&rsquo;au prononc\u00e9 d&rsquo;une d\u00e9cision concernant sa demande.","og_url":"https:\/\/www.cleo.on.ca\/fr\/publications-page\/y-t-il-des-exceptions-linterdiction-de-presenter-une-demande-ch-avant-lecoulem","og_site_name":"CLEO (Community Legal Education Ontario \/ \u00c9ducation juridique communautaire Ontario)","article_modified_time":"2025-05-08T14:55:10+00:00","twitter_card":"summary_large_image","twitter_misc":{"Dur\u00e9e de lecture estim\u00e9e":"1 minute"},"schema":{"@context":"https:\/\/schema.org","@graph":[{"@type":"WebPage","@id":"https:\/\/www.cleo.on.ca\/fr\/publications-page\/y-t-il-des-exceptions-linterdiction-de-presenter-une-demande-ch-avant-lecoulem","url":"https:\/\/www.cleo.on.ca\/fr\/publications-page\/y-t-il-des-exceptions-linterdiction-de-presenter-une-demande-ch-avant-lecoulem","name":"Quels dangers le retrait d'une demande d'asile comporte-t-il? - CLEO (Community Legal Education Ontario \/ \u00c9ducation juridique communautaire Ontario)","isPartOf":{"@id":"https:\/\/www.cleo.on.ca\/fr#website"},"datePublished":"2014-08-27T20:16:32+00:00","dateModified":"2025-05-08T14:55:10+00:00","breadcrumb":{"@id":"https:\/\/www.cleo.on.ca\/fr\/publications-page\/y-t-il-des-exceptions-linterdiction-de-presenter-une-demande-ch-avant-lecoulem#breadcrumb"},"inLanguage":"fr-FR","potentialAction":[{"@type":"ReadAction","target":["https:\/\/www.cleo.on.ca\/fr\/publications-page\/y-t-il-des-exceptions-linterdiction-de-presenter-une-demande-ch-avant-lecoulem"]}]},{"@type":"BreadcrumbList","@id":"https:\/\/www.cleo.on.ca\/fr\/publications-page\/y-t-il-des-exceptions-linterdiction-de-presenter-une-demande-ch-avant-lecoulem#breadcrumb","itemListElement":[{"@type":"ListItem","position":1,"name":"Home","item":"https:\/\/www.cleo.on.ca\/fr\/accueil-2"},{"@type":"ListItem","position":2,"name":"Publication pages","item":"https:\/\/www.cleo.on.ca\/fr\/publications-page"},{"@type":"ListItem","position":3,"name":"Quels dangers le retrait d&#8217;une demande d&#8217;asile comporte-t-il?"}]},{"@type":"WebSite","@id":"https:\/\/www.cleo.on.ca\/fr#website","url":"https:\/\/www.cleo.on.ca\/fr","name":"CLEO (Community Legal Education Ontario \/ \u00c9ducation juridique communautaire Ontario)","description":"","potentialAction":[{"@type":"SearchAction","target":{"@type":"EntryPoint","urlTemplate":"https:\/\/www.cleo.on.ca\/fr?s={search_term_string}"},"query-input":{"@type":"PropertyValueSpecification","valueRequired":true,"valueName":"search_term_string"}}],"inLanguage":"fr-FR"}]}},"meta_box":[],"_links":{"self":[{"href":"https:\/\/www.cleo.on.ca\/fr\/wp-json\/wp\/v2\/publications-page\/47042","targetHints":{"allow":["GET"]}}],"collection":[{"href":"https:\/\/www.cleo.on.ca\/fr\/wp-json\/wp\/v2\/publications-page"}],"about":[{"href":"https:\/\/www.cleo.on.ca\/fr\/wp-json\/wp\/v2\/types\/publications-page"}],"version-history":[{"count":2,"href":"https:\/\/www.cleo.on.ca\/fr\/wp-json\/wp\/v2\/publications-page\/47042\/revisions"}],"predecessor-version":[{"id":61587,"href":"https:\/\/www.cleo.on.ca\/fr\/wp-json\/wp\/v2\/publications-page\/47042\/revisions\/61587"}],"wp:attachment":[{"href":"https:\/\/www.cleo.on.ca\/fr\/wp-json\/wp\/v2\/media?parent=47042"}],"curies":[{"name":"wp","href":"https:\/\/api.w.org\/{rel}","templated":true}]}}

<p>Le retrait de la demande d&rsquo;asile entraîne la mise en vigueur de toute mesure de renvoi conditionnelle, et la demandeuse peut être forcée de quitter le Canada.</p>
<p>La personne qui dépose une demande CH n&rsquo;obtient <strong>pas</strong>, de ce fait, le droit de demeurer au Canada jusqu&rsquo;au prononcé d&rsquo;une décision concernant sa demande.</p>
<p>Lorsqu&rsquo;une demandeuse d&rsquo;asile retire sa demande, elle <strong>perd le droit</strong> de présenter une demande d&rsquo;asile au Canada. Cette personne est privée du droit de présenter une autre demande, et le rétablissement d&rsquo;une demande qui a été retirée est très difficile à obtenir.</p>
<p>De plus, les prestations de santé de la demandeuse sous le régime du Programme fédéral de santé intérimaire (PFSI) seront annulées.</p>
<p>Il peut également y avoir d&rsquo;autres raisons pour lesquelles une personne n&rsquo;a <strong>pas</strong> le droit de présenter une demande CH.</p>
<p>Avant de décider de retirer une demande d&rsquo;asile, il est très important d&rsquo;obtenir les conseils juridiques d&rsquo;une avocate ou d&rsquo;un avocat spécialisé en droit de l&rsquo;immigration et des réfugiés, plus particulièrement en matière de demandes d&rsquo;asile fondées sur le sexe.</p>

<!-- This site is optimized with the Yoast SEO plugin v25.2 - https://yoast.com/wordpress/plugins/seo/ -->
<title>Quels dangers le retrait d&#039;une demande d&#039;asile comporte-t-il? - CLEO (Community Legal Education Ontario / Éducation juridique communautaire Ontario)</title>
<meta name="robots" content="index, follow, max-snippet:-1, max-image-preview:large, max-video-preview:-1" />
<link rel="canonical" href="https://www.cleo.on.ca/fr/publications-page/y-t-il-des-exceptions-linterdiction-de-presenter-une-demande-ch-avant-lecoulem" />
<meta property="og:locale" content="fr_FR" />
<meta property="og:type" content="article" />
<meta property="og:title" content="Quels dangers le retrait d&#039;une demande d&#039;asile comporte-t-il? - CLEO (Community Legal Education Ontario / Éducation juridique communautaire Ontario)" />
<meta property="og:description" content="Le retrait de la demande d&rsquo;asile entraîne la mise en vigueur de toute mesure de renvoi conditionnelle, et la demandeuse peut être forcée de quitter le Canada. La personne qui dépose une demande CH n&rsquo;obtient pas, de ce fait, le droit de demeurer au Canada jusqu&rsquo;au prononcé d&rsquo;une décision concernant sa demande." />
<meta property="og:url" content="https://www.cleo.on.ca/fr/publications-page/y-t-il-des-exceptions-linterdiction-de-presenter-une-demande-ch-avant-lecoulem" />
<meta property="og:site_name" content="CLEO (Community Legal Education Ontario / Éducation juridique communautaire Ontario)" />
<meta property="article:modified_time" content="2025-05-08T14:55:10+00:00" />
<meta name="twitter:card" content="summary_large_image" />
<meta name="twitter:label1" content="Durée de lecture estimée" />
	<meta name="twitter:data1" content="1 minute" />
<script type="application/ld+json" class="yoast-schema-graph">{"@context":"https://schema.org","@graph":[{"@type":"WebPage","@id":"https://www.cleo.on.ca/fr/publications-page/y-t-il-des-exceptions-linterdiction-de-presenter-une-demande-ch-avant-lecoulem","url":"https://www.cleo.on.ca/fr/publications-page/y-t-il-des-exceptions-linterdiction-de-presenter-une-demande-ch-avant-lecoulem","name":"Quels dangers le retrait d'une demande d'asile comporte-t-il? - CLEO (Community Legal Education Ontario / Éducation juridique communautaire Ontario)","isPartOf":{"@id":"https://www.cleo.on.ca/fr#website"},"datePublished":"2014-08-27T20:16:32+00:00","dateModified":"2025-05-08T14:55:10+00:00","breadcrumb":{"@id":"https://www.cleo.on.ca/fr/publications-page/y-t-il-des-exceptions-linterdiction-de-presenter-une-demande-ch-avant-lecoulem#breadcrumb"},"inLanguage":"fr-FR","potentialAction":[{"@type":"ReadAction","target":["https://www.cleo.on.ca/fr/publications-page/y-t-il-des-exceptions-linterdiction-de-presenter-une-demande-ch-avant-lecoulem"]}]},{"@type":"BreadcrumbList","@id":"https://www.cleo.on.ca/fr/publications-page/y-t-il-des-exceptions-linterdiction-de-presenter-une-demande-ch-avant-lecoulem#breadcrumb","itemListElement":[{"@type":"ListItem","position":1,"name":"Home","item":"https://www.cleo.on.ca/fr/accueil-2"},{"@type":"ListItem","position":2,"name":"Publication pages","item":"https://www.cleo.on.ca/fr/publications-page"},{"@type":"ListItem","position":3,"name":"Quels dangers le retrait d&#8217;une demande d&#8217;asile comporte-t-il?"}]},{"@type":"WebSite","@id":"https://www.cleo.on.ca/fr#website","url":"https://www.cleo.on.ca/fr","name":"CLEO (Community Legal Education Ontario / Éducation juridique communautaire Ontario)","description":"","potentialAction":[{"@type":"SearchAction","target":{"@type":"EntryPoint","urlTemplate":"https://www.cleo.on.ca/fr?s={search_term_string}"},"query-input":{"@type":"PropertyValueSpecification","valueRequired":true,"valueName":"search_term_string"}}],"inLanguage":"fr-FR"}]}</script>
<!-- / Yoast SEO plugin. -->

Quels dangers le retrait d'une demande d'asile comporte-t-il? - CLEO (Community Legal Education Ontario / Éducation juridique communautaire Ontario)

Le retrait de la demande d&rsquo;asile entraîne la mise en vigueur de toute mesure de renvoi conditionnelle, et la demandeuse peut être forcée de quitter le Canada. La personne qui dépose une demande CH n&rsquo;obtient pas, de ce fait, le droit de demeurer au Canada jusqu&rsquo;au prononcé d&rsquo;une décision concernant sa demande.

CLEO (Community Legal Education Ontario / Éducation juridique communautaire Ontario)
