{"id":47253,"date":"2015-07-27T21:48:20","date_gmt":"2015-07-28T01:48:20","guid":{"rendered":""},"modified":"2025-04-14T16:12:07","modified_gmt":"2025-04-14T20:12:07","slug":"est-ce-que-je-peux-prendre-des-vacances","status":"publish","type":"publications-page","link":"https:\/\/www.cleo.on.ca\/fr\/publications-page\/est-ce-que-je-peux-prendre-des-vacances","title":{"rendered":"R\u00e8gles sur les vacances"},"content":{"rendered":"<p>La LNE accorde \u00e0 la majorit\u00e9 des travailleurs le droit \u00e0 2 ou 3 semaines de vacances par ann\u00e9e. Vous accumulez vos semaines de vacances lorsque vous travaillez 12 mois pour un m\u00eame employeur.<\/p>\n<p>Si vous travaillez depuis <strong>moins de 5 ans<\/strong> pour votre employeur, vous obtenez <strong>2 semaines<\/strong> de vacances par ann\u00e9e.<\/p>\n<p>Si vous travaillez depuis au <strong>moins 5 ans<\/strong> pour votre employeur, vous obtenez <strong>3 semaines<\/strong> de vacances par ann\u00e9e.<\/p>\n<h2>Accumuler vos droits \u00e0 des vacances<\/h2>\n<p>La p\u00e9riode de 12 mois au cours de laquelle vous accumulez vos droits \u00e0 des semaines de vacances s&rsquo;appelle l&rsquo;\u00ab ann\u00e9e de r\u00e9f\u00e9rence \u00bb. Votre employeur d\u00e9cide \u00e0 quel moment cette ann\u00e9e commence, c&rsquo;est-\u00e0-dire :<\/p>\n<ul>\n<li>soit le jour o\u00f9 vous commencez \u00e0 travailler pour votre employeur,<\/li>\n<li>soit \u00e0 une autre date.<\/li>\n<\/ul>\n<p>Par exemple, votre employeur peut dire que vous accumulez vos droits \u00e0 des vacances au cours d&rsquo;une ann\u00e9e civile. Cela signifie que vous commencez \u00e0 accumuler ces droits le 1er janvier. Vous recevez \u00e9galement votre indemnit\u00e9 de vacances \u00e0 partir de votre premier jour de travail et jusqu&rsquo;au 31 d\u00e9cembre.<\/p>\n<h3>Prendre des vacances<\/h3>\n<p>Votre employeur a le droit de d\u00e9cider :<\/p>\n<ul>\n<li>\u00e0 quel moment vous pouvez prendre vos vacances,<\/li>\n<li>si vous pouvez les prendre au complet en un seul bloc.<\/li>\n<\/ul>\n<p>Si vous avez au moins 2 semaines de vacances, votre employeur peut d\u00e9cider si vous pouvez toutes les prendre de fa\u00e7on cons\u00e9cutive.<\/p>\n<p>Vous n&rsquo;\u00eates pas oblig\u00e9(e) de prendre vos vacances moins d&rsquo;une semaine \u00e0 la fois, mais vous pouvez le faire si vous le d\u00e9sirez. Vous devrez alors le demander par \u00e9crit \u00e0 votre employeur, et aussi obtenir son consentement par \u00e9crit.<\/p>\n<p>Votre employeur doit vous permettre de prendre vos vacances dans les 10 mois qui suivent la p\u00e9riode o\u00f9 vous les avez accumul\u00e9es.<\/p>\n","protected":false},"featured_media":0,"template":"","class_list":["post-47253","publications-page","type-publications-page","status-publish","hentry"],"yoast_head":"<!-- This site is optimized with the Yoast SEO plugin v25.2 - https:\/\/yoast.com\/wordpress\/plugins\/seo\/ -->\n<title>R\u00e8gles sur les vacances - CLEO (Community Legal Education Ontario \/ \u00c9ducation juridique communautaire Ontario)<\/title>\n<meta name=\"robots\" content=\"index, follow, max-snippet:-1, max-image-preview:large, max-video-preview:-1\" \/>\n<link rel=\"canonical\" href=\"https:\/\/www.cleo.on.ca\/fr\/publications-page\/est-ce-que-je-peux-prendre-des-vacances\" \/>\n<meta property=\"og:locale\" content=\"fr_FR\" \/>\n<meta property=\"og:type\" content=\"article\" \/>\n<meta property=\"og:title\" content=\"R\u00e8gles sur les vacances - CLEO (Community Legal Education Ontario \/ \u00c9ducation juridique communautaire Ontario)\" \/>\n<meta property=\"og:description\" content=\"La LNE accorde \u00e0 la majorit\u00e9 des travailleurs le droit \u00e0 2 ou 3 semaines de vacances par ann\u00e9e. Vous accumulez vos semaines de vacances lorsque vous travaillez 12 mois pour un m\u00eame employeur. Si vous travaillez depuis moins de 5 ans pour votre employeur, vous obtenez 2 semaines de vacances par ann\u00e9e.\" \/>\n<meta property=\"og:url\" content=\"https:\/\/www.cleo.on.ca\/fr\/publications-page\/est-ce-que-je-peux-prendre-des-vacances\" \/>\n<meta property=\"og:site_name\" content=\"CLEO (Community Legal Education Ontario \/ \u00c9ducation juridique communautaire Ontario)\" \/>\n<meta property=\"article:modified_time\" content=\"2025-04-14T20:12:07+00:00\" \/>\n<meta name=\"twitter:card\" content=\"summary_large_image\" \/>\n<meta name=\"twitter:label1\" content=\"Dur\u00e9e de lecture estim\u00e9e\" \/>\n\t<meta name=\"twitter:data1\" content=\"2 minutes\" \/>\n<script type=\"application\/ld+json\" class=\"yoast-schema-graph\">{\"@context\":\"https:\/\/schema.org\",\"@graph\":[{\"@type\":\"WebPage\",\"@id\":\"https:\/\/www.cleo.on.ca\/fr\/publications-page\/est-ce-que-je-peux-prendre-des-vacances\",\"url\":\"https:\/\/www.cleo.on.ca\/fr\/publications-page\/est-ce-que-je-peux-prendre-des-vacances\",\"name\":\"R\u00e8gles sur les vacances - CLEO (Community Legal Education Ontario \/ \u00c9ducation juridique communautaire Ontario)\",\"isPartOf\":{\"@id\":\"https:\/\/www.cleo.on.ca\/fr#website\"},\"datePublished\":\"2015-07-28T01:48:20+00:00\",\"dateModified\":\"2025-04-14T20:12:07+00:00\",\"breadcrumb\":{\"@id\":\"https:\/\/www.cleo.on.ca\/fr\/publications-page\/est-ce-que-je-peux-prendre-des-vacances#breadcrumb\"},\"inLanguage\":\"fr-FR\",\"potentialAction\":[{\"@type\":\"ReadAction\",\"target\":[\"https:\/\/www.cleo.on.ca\/fr\/publications-page\/est-ce-que-je-peux-prendre-des-vacances\"]}]},{\"@type\":\"BreadcrumbList\",\"@id\":\"https:\/\/www.cleo.on.ca\/fr\/publications-page\/est-ce-que-je-peux-prendre-des-vacances#breadcrumb\",\"itemListElement\":[{\"@type\":\"ListItem\",\"position\":1,\"name\":\"Home\",\"item\":\"https:\/\/www.cleo.on.ca\/fr\/accueil-2\"},{\"@type\":\"ListItem\",\"position\":2,\"name\":\"Publication pages\",\"item\":\"https:\/\/www.cleo.on.ca\/fr\/publications-page\"},{\"@type\":\"ListItem\",\"position\":3,\"name\":\"R\u00e8gles sur les vacances\"}]},{\"@type\":\"WebSite\",\"@id\":\"https:\/\/www.cleo.on.ca\/fr#website\",\"url\":\"https:\/\/www.cleo.on.ca\/fr\",\"name\":\"CLEO (Community Legal Education Ontario \/ \u00c9ducation juridique communautaire Ontario)\",\"description\":\"\",\"potentialAction\":[{\"@type\":\"SearchAction\",\"target\":{\"@type\":\"EntryPoint\",\"urlTemplate\":\"https:\/\/www.cleo.on.ca\/fr?s={search_term_string}\"},\"query-input\":{\"@type\":\"PropertyValueSpecification\",\"valueRequired\":true,\"valueName\":\"search_term_string\"}}],\"inLanguage\":\"fr-FR\"}]}<\/script>\n<!-- \/ Yoast SEO plugin. -->","yoast_head_json":{"title":"R\u00e8gles sur les vacances - CLEO (Community Legal Education Ontario \/ \u00c9ducation juridique communautaire Ontario)","robots":{"index":"index","follow":"follow","max-snippet":"max-snippet:-1","max-image-preview":"max-image-preview:large","max-video-preview":"max-video-preview:-1"},"canonical":"https:\/\/www.cleo.on.ca\/fr\/publications-page\/est-ce-que-je-peux-prendre-des-vacances","og_locale":"fr_FR","og_type":"article","og_title":"R\u00e8gles sur les vacances - CLEO (Community Legal Education Ontario \/ \u00c9ducation juridique communautaire Ontario)","og_description":"La LNE accorde \u00e0 la majorit\u00e9 des travailleurs le droit \u00e0 2 ou 3 semaines de vacances par ann\u00e9e. Vous accumulez vos semaines de vacances lorsque vous travaillez 12 mois pour un m\u00eame employeur. Si vous travaillez depuis moins de 5 ans pour votre employeur, vous obtenez 2 semaines de vacances par ann\u00e9e.","og_url":"https:\/\/www.cleo.on.ca\/fr\/publications-page\/est-ce-que-je-peux-prendre-des-vacances","og_site_name":"CLEO (Community Legal Education Ontario \/ \u00c9ducation juridique communautaire Ontario)","article_modified_time":"2025-04-14T20:12:07+00:00","twitter_card":"summary_large_image","twitter_misc":{"Dur\u00e9e de lecture estim\u00e9e":"2 minutes"},"schema":{"@context":"https:\/\/schema.org","@graph":[{"@type":"WebPage","@id":"https:\/\/www.cleo.on.ca\/fr\/publications-page\/est-ce-que-je-peux-prendre-des-vacances","url":"https:\/\/www.cleo.on.ca\/fr\/publications-page\/est-ce-que-je-peux-prendre-des-vacances","name":"R\u00e8gles sur les vacances - CLEO (Community Legal Education Ontario \/ \u00c9ducation juridique communautaire Ontario)","isPartOf":{"@id":"https:\/\/www.cleo.on.ca\/fr#website"},"datePublished":"2015-07-28T01:48:20+00:00","dateModified":"2025-04-14T20:12:07+00:00","breadcrumb":{"@id":"https:\/\/www.cleo.on.ca\/fr\/publications-page\/est-ce-que-je-peux-prendre-des-vacances#breadcrumb"},"inLanguage":"fr-FR","potentialAction":[{"@type":"ReadAction","target":["https:\/\/www.cleo.on.ca\/fr\/publications-page\/est-ce-que-je-peux-prendre-des-vacances"]}]},{"@type":"BreadcrumbList","@id":"https:\/\/www.cleo.on.ca\/fr\/publications-page\/est-ce-que-je-peux-prendre-des-vacances#breadcrumb","itemListElement":[{"@type":"ListItem","position":1,"name":"Home","item":"https:\/\/www.cleo.on.ca\/fr\/accueil-2"},{"@type":"ListItem","position":2,"name":"Publication pages","item":"https:\/\/www.cleo.on.ca\/fr\/publications-page"},{"@type":"ListItem","position":3,"name":"R\u00e8gles sur les vacances"}]},{"@type":"WebSite","@id":"https:\/\/www.cleo.on.ca\/fr#website","url":"https:\/\/www.cleo.on.ca\/fr","name":"CLEO (Community Legal Education Ontario \/ \u00c9ducation juridique communautaire Ontario)","description":"","potentialAction":[{"@type":"SearchAction","target":{"@type":"EntryPoint","urlTemplate":"https:\/\/www.cleo.on.ca\/fr?s={search_term_string}"},"query-input":{"@type":"PropertyValueSpecification","valueRequired":true,"valueName":"search_term_string"}}],"inLanguage":"fr-FR"}]}},"meta_box":[],"_links":{"self":[{"href":"https:\/\/www.cleo.on.ca\/fr\/wp-json\/wp\/v2\/publications-page\/47253","targetHints":{"allow":["GET"]}}],"collection":[{"href":"https:\/\/www.cleo.on.ca\/fr\/wp-json\/wp\/v2\/publications-page"}],"about":[{"href":"https:\/\/www.cleo.on.ca\/fr\/wp-json\/wp\/v2\/types\/publications-page"}],"version-history":[{"count":3,"href":"https:\/\/www.cleo.on.ca\/fr\/wp-json\/wp\/v2\/publications-page\/47253\/revisions"}],"predecessor-version":[{"id":61149,"href":"https:\/\/www.cleo.on.ca\/fr\/wp-json\/wp\/v2\/publications-page\/47253\/revisions\/61149"}],"wp:attachment":[{"href":"https:\/\/www.cleo.on.ca\/fr\/wp-json\/wp\/v2\/media?parent=47253"}],"curies":[{"name":"wp","href":"https:\/\/api.w.org\/{rel}","templated":true}]}}

Règles sur les vacances

<p>La LNE accorde à la majorité des travailleurs le droit à 2 ou 3 semaines de vacances par année. Vous accumulez vos semaines de vacances lorsque vous travaillez 12 mois pour un même employeur.</p>
<p>Si vous travaillez depuis <strong>moins de 5 ans</strong> pour votre employeur, vous obtenez <strong>2 semaines</strong> de vacances par année.</p>
<p>Si vous travaillez depuis au <strong>moins 5 ans</strong> pour votre employeur, vous obtenez <strong>3 semaines</strong> de vacances par année.</p>
<h2>Accumuler vos droits à des vacances</h2>
<p>La période de 12 mois au cours de laquelle vous accumulez vos droits à des semaines de vacances s&rsquo;appelle l&rsquo;« année de référence ». Votre employeur décide à quel moment cette année commence, c&rsquo;est-à-dire :</p>
<ul>
<li>soit le jour où vous commencez à travailler pour votre employeur,</li>
<li>soit à une autre date.</li>
</ul>
<p>Par exemple, votre employeur peut dire que vous accumulez vos droits à des vacances au cours d&rsquo;une année civile. Cela signifie que vous commencez à accumuler ces droits le 1er janvier. Vous recevez également votre indemnité de vacances à partir de votre premier jour de travail et jusqu&rsquo;au 31 décembre.</p>
<h3>Prendre des vacances</h3>
<p>Votre employeur a le droit de décider :</p>
<ul>
<li>à quel moment vous pouvez prendre vos vacances,</li>
<li>si vous pouvez les prendre au complet en un seul bloc.</li>
</ul>
<p>Si vous avez au moins 2 semaines de vacances, votre employeur peut décider si vous pouvez toutes les prendre de façon consécutive.</p>
<p>Vous n&rsquo;êtes pas obligé(e) de prendre vos vacances moins d&rsquo;une semaine à la fois, mais vous pouvez le faire si vous le désirez. Vous devrez alors le demander par écrit à votre employeur, et aussi obtenir son consentement par écrit.</p>
<p>Votre employeur doit vous permettre de prendre vos vacances dans les 10 mois qui suivent la période où vous les avez accumulées.</p>

<!-- This site is optimized with the Yoast SEO plugin v25.2 - https://yoast.com/wordpress/plugins/seo/ -->
<title>Règles sur les vacances - CLEO (Community Legal Education Ontario / Éducation juridique communautaire Ontario)</title>
<meta name="robots" content="index, follow, max-snippet:-1, max-image-preview:large, max-video-preview:-1" />
<link rel="canonical" href="https://www.cleo.on.ca/fr/publications-page/est-ce-que-je-peux-prendre-des-vacances" />
<meta property="og:locale" content="fr_FR" />
<meta property="og:type" content="article" />
<meta property="og:title" content="Règles sur les vacances - CLEO (Community Legal Education Ontario / Éducation juridique communautaire Ontario)" />
<meta property="og:description" content="La LNE accorde à la majorité des travailleurs le droit à 2 ou 3 semaines de vacances par année. Vous accumulez vos semaines de vacances lorsque vous travaillez 12 mois pour un même employeur. Si vous travaillez depuis moins de 5 ans pour votre employeur, vous obtenez 2 semaines de vacances par année." />
<meta property="og:url" content="https://www.cleo.on.ca/fr/publications-page/est-ce-que-je-peux-prendre-des-vacances" />
<meta property="og:site_name" content="CLEO (Community Legal Education Ontario / Éducation juridique communautaire Ontario)" />
<meta property="article:modified_time" content="2025-04-14T20:12:07+00:00" />
<meta name="twitter:card" content="summary_large_image" />
<meta name="twitter:label1" content="Durée de lecture estimée" />
	<meta name="twitter:data1" content="2 minutes" />
<script type="application/ld+json" class="yoast-schema-graph">{"@context":"https://schema.org","@graph":[{"@type":"WebPage","@id":"https://www.cleo.on.ca/fr/publications-page/est-ce-que-je-peux-prendre-des-vacances","url":"https://www.cleo.on.ca/fr/publications-page/est-ce-que-je-peux-prendre-des-vacances","name":"Règles sur les vacances - CLEO (Community Legal Education Ontario / Éducation juridique communautaire Ontario)","isPartOf":{"@id":"https://www.cleo.on.ca/fr#website"},"datePublished":"2015-07-28T01:48:20+00:00","dateModified":"2025-04-14T20:12:07+00:00","breadcrumb":{"@id":"https://www.cleo.on.ca/fr/publications-page/est-ce-que-je-peux-prendre-des-vacances#breadcrumb"},"inLanguage":"fr-FR","potentialAction":[{"@type":"ReadAction","target":["https://www.cleo.on.ca/fr/publications-page/est-ce-que-je-peux-prendre-des-vacances"]}]},{"@type":"BreadcrumbList","@id":"https://www.cleo.on.ca/fr/publications-page/est-ce-que-je-peux-prendre-des-vacances#breadcrumb","itemListElement":[{"@type":"ListItem","position":1,"name":"Home","item":"https://www.cleo.on.ca/fr/accueil-2"},{"@type":"ListItem","position":2,"name":"Publication pages","item":"https://www.cleo.on.ca/fr/publications-page"},{"@type":"ListItem","position":3,"name":"Règles sur les vacances"}]},{"@type":"WebSite","@id":"https://www.cleo.on.ca/fr#website","url":"https://www.cleo.on.ca/fr","name":"CLEO (Community Legal Education Ontario / Éducation juridique communautaire Ontario)","description":"","potentialAction":[{"@type":"SearchAction","target":{"@type":"EntryPoint","urlTemplate":"https://www.cleo.on.ca/fr?s={search_term_string}"},"query-input":{"@type":"PropertyValueSpecification","valueRequired":true,"valueName":"search_term_string"}}],"inLanguage":"fr-FR"}]}</script>
<!-- / Yoast SEO plugin. -->

Règles sur les vacances - CLEO (Community Legal Education Ontario / Éducation juridique communautaire Ontario)

La LNE accorde à la majorité des travailleurs le droit à 2 ou 3 semaines de vacances par année. Vous accumulez vos semaines de vacances lorsque vous travaillez 12 mois pour un même employeur. Si vous travaillez depuis moins de 5 ans pour votre employeur, vous obtenez 2 semaines de vacances par année.

CLEO (Community Legal Education Ontario / Éducation juridique communautaire Ontario)
