{"id":47557,"date":"2012-05-15T13:41:09","date_gmt":"2012-05-15T17:41:09","guid":{"rendered":""},"modified":"2024-07-19T13:09:25","modified_gmt":"2024-07-19T17:09:25","slug":"mon-employeur-peut-il-me-congedier-parce-que-je-suis-enceinte","status":"publish","type":"publications-page","link":"https:\/\/www.cleo.on.ca\/fr\/publications-page\/mon-employeur-peut-il-me-congedier-parce-que-je-suis-enceinte","title":{"rendered":"Mon employeur peut-il me cong\u00e9dier pour un motif qui va \u00e0 l&rsquo;encontre des droits de la personne?"},"content":{"rendered":"<p>Dans presque tous les cas, un employeur ne peut pas vous cong\u00e9dier pour les motifs suivants :<\/p>\n<ul>\n<li>votre race, couleur, ascendance, origine ethnique ou citoyennet\u00e9, ou le lieu de votre naissance<\/li>\n<li>vos croyances religieuses<\/li>\n<li>une d\u00e9ficience physique ou mentale, notamment une d\u00e9pendance<\/li>\n<li>votre sexe ou identit\u00e9 sexuelle, ou une grossesse<\/li>\n<li>votre orientation sexuelle, identit\u00e9 de genre ou expression de genre<\/li>\n<li>votre situation de famille ou \u00e9tat matrimonial<\/li>\n<li>votre \u00e2ge<\/li>\n<li>votre dossier d&rsquo;infractions criminelles<\/li>\n<\/ul>\n<p>Par exemple, votre employeur ne peut pas vous cong\u00e9dier pour l&rsquo;un des motifs suivants :<\/p>\n<ul>\n<li>vous \u00eates enceinte,<\/li>\n<li>vous demandez un cong\u00e9 d&rsquo;invalidit\u00e9,<\/li>\n<li>vous avez atteint un certain \u00e2ge.<\/li>\n<\/ul>\n<p>Votre employeur pourrait r\u00e9ussir \u00e0 vous cong\u00e9dier parce que vous ne pouvez pas accomplir votre travail pour un motif li\u00e9 aux droits de la personne. Mais il est tr\u00e8s rare que ce genre de situation se produise.<\/p>\n<p>Cependant, avant de pouvoir vous cong\u00e9dier, votre employeur doit d\u00e9montrer que, m\u00eame avec des mesures d&rsquo;adaptation, vous ne pouvez pas vous acquitter des t\u00e2ches essentielles de votre emploi.<\/p>\n<h2>Qu&rsquo;est\u2011ce qu&rsquo;une mesure d&rsquo;adaptation?<\/h2>\n<p>Votre employeur a une obligation appel\u00e9e &laquo; obligation d&rsquo;accommodement &raquo; dans le cas o\u00f9 vous avez besoin que des mesures d&rsquo;adaptation soient mises en place \u00e0 votre emploi pour un motif fond\u00e9 sur les droits de la personne. Cette obligation signifie que votre employeur doit, avec vous, s&rsquo;efforcer de trouver une fa\u00e7on de vous permettre de garder votre emploi.<\/p>\n<p>Par exemple, il se pourrait que vous deviez commencer \u00e0 travailler plus t\u00f4t dans la journ\u00e9e pour pouvoir prendre soin de vos enfants apr\u00e8s les heures d&rsquo;\u00e9cole.<\/p>\n<p>Si vous ne pouvez pas travailler maintenant, mais que vous en aurez la possibilit\u00e9 dans le futur, votre employeur pourrait devoir :<\/p>\n<ul>\n<li>vous mettre en cong\u00e9,<\/li>\n<li>vous redonner votre emploi lorsque vous pouvez recommencer \u00e0 travailler.<\/li>\n<\/ul>\n<p>Si vous estimez que votre employeur vous a cong\u00e9di\u00e9(e) pour des motifs qui vont \u00e0 l&rsquo;encontre des droits de la personne, il pourrait vous \u00eatre utile d&rsquo;obtenir des conseils juridiques.<\/p>\n<p>Pour savoir \u00e0 qui vous adresser pour obtenir une assistance juridique, voir <a href=\"https:\/\/www.cleo.on.ca\/fr\/publications\/firedlaidfr\/qui-madresser-pour-en-savoir-plus-et-obtenir-une-assistance-juridique\">\u00c0 qui m&rsquo;adresser pour obtenir de l&rsquo;assistance et des renseignements?<\/a><\/p>\n","protected":false},"featured_media":0,"template":"","class_list":["post-47557","publications-page","type-publications-page","status-publish","hentry"],"yoast_head":"<!-- This site is optimized with the Yoast SEO plugin v25.2 - https:\/\/yoast.com\/wordpress\/plugins\/seo\/ -->\n<title>Mon employeur peut-il me cong\u00e9dier pour un motif qui va \u00e0 l&#039;encontre des droits de la personne? - CLEO (Community Legal Education Ontario \/ \u00c9ducation juridique communautaire Ontario)<\/title>\n<meta name=\"robots\" content=\"index, follow, max-snippet:-1, max-image-preview:large, max-video-preview:-1\" \/>\n<link rel=\"canonical\" href=\"https:\/\/www.cleo.on.ca\/fr\/publications-page\/mon-employeur-peut-il-me-congedier-parce-que-je-suis-enceinte\" \/>\n<meta property=\"og:locale\" content=\"fr_FR\" \/>\n<meta property=\"og:type\" content=\"article\" \/>\n<meta property=\"og:title\" content=\"Mon employeur peut-il me cong\u00e9dier pour un motif qui va \u00e0 l&#039;encontre des droits de la personne? - CLEO (Community Legal Education Ontario \/ \u00c9ducation juridique communautaire Ontario)\" \/>\n<meta property=\"og:description\" content=\"Dans presque tous les cas, un employeur ne peut pas vous cong\u00e9dier pour les motifs suivants : votre race, couleur, ascendance, origine ethnique ou citoyennet\u00e9, ou le lieu de votre naissance vos croyances religieuses une d\u00e9ficience physique ou mentale, notamment une d\u00e9pendance votre sexe ou identit\u00e9 sexuelle, ou une grossesse votre orientation sexuelle,\" \/>\n<meta property=\"og:url\" content=\"https:\/\/www.cleo.on.ca\/fr\/publications-page\/mon-employeur-peut-il-me-congedier-parce-que-je-suis-enceinte\" \/>\n<meta property=\"og:site_name\" content=\"CLEO (Community Legal Education Ontario \/ \u00c9ducation juridique communautaire Ontario)\" \/>\n<meta property=\"article:modified_time\" content=\"2024-07-19T17:09:25+00:00\" \/>\n<meta name=\"twitter:card\" content=\"summary_large_image\" \/>\n<meta name=\"twitter:label1\" content=\"Dur\u00e9e de lecture estim\u00e9e\" \/>\n\t<meta name=\"twitter:data1\" content=\"2 minutes\" \/>\n<script type=\"application\/ld+json\" class=\"yoast-schema-graph\">{\"@context\":\"https:\/\/schema.org\",\"@graph\":[{\"@type\":\"WebPage\",\"@id\":\"https:\/\/www.cleo.on.ca\/fr\/publications-page\/mon-employeur-peut-il-me-congedier-parce-que-je-suis-enceinte\",\"url\":\"https:\/\/www.cleo.on.ca\/fr\/publications-page\/mon-employeur-peut-il-me-congedier-parce-que-je-suis-enceinte\",\"name\":\"Mon employeur peut-il me cong\u00e9dier pour un motif qui va \u00e0 l'encontre des droits de la personne? - CLEO (Community Legal Education Ontario \/ \u00c9ducation juridique communautaire Ontario)\",\"isPartOf\":{\"@id\":\"https:\/\/www.cleo.on.ca\/fr#website\"},\"datePublished\":\"2012-05-15T17:41:09+00:00\",\"dateModified\":\"2024-07-19T17:09:25+00:00\",\"breadcrumb\":{\"@id\":\"https:\/\/www.cleo.on.ca\/fr\/publications-page\/mon-employeur-peut-il-me-congedier-parce-que-je-suis-enceinte#breadcrumb\"},\"inLanguage\":\"fr-FR\",\"potentialAction\":[{\"@type\":\"ReadAction\",\"target\":[\"https:\/\/www.cleo.on.ca\/fr\/publications-page\/mon-employeur-peut-il-me-congedier-parce-que-je-suis-enceinte\"]}]},{\"@type\":\"BreadcrumbList\",\"@id\":\"https:\/\/www.cleo.on.ca\/fr\/publications-page\/mon-employeur-peut-il-me-congedier-parce-que-je-suis-enceinte#breadcrumb\",\"itemListElement\":[{\"@type\":\"ListItem\",\"position\":1,\"name\":\"Home\",\"item\":\"https:\/\/www.cleo.on.ca\/fr\/accueil-2\"},{\"@type\":\"ListItem\",\"position\":2,\"name\":\"Publication pages\",\"item\":\"https:\/\/www.cleo.on.ca\/fr\/publications-page\"},{\"@type\":\"ListItem\",\"position\":3,\"name\":\"Mon employeur peut-il me cong\u00e9dier pour un motif qui va \u00e0 l&#8217;encontre des droits de la personne?\"}]},{\"@type\":\"WebSite\",\"@id\":\"https:\/\/www.cleo.on.ca\/fr#website\",\"url\":\"https:\/\/www.cleo.on.ca\/fr\",\"name\":\"CLEO (Community Legal Education Ontario \/ \u00c9ducation juridique communautaire Ontario)\",\"description\":\"\",\"potentialAction\":[{\"@type\":\"SearchAction\",\"target\":{\"@type\":\"EntryPoint\",\"urlTemplate\":\"https:\/\/www.cleo.on.ca\/fr?s={search_term_string}\"},\"query-input\":{\"@type\":\"PropertyValueSpecification\",\"valueRequired\":true,\"valueName\":\"search_term_string\"}}],\"inLanguage\":\"fr-FR\"}]}<\/script>\n<!-- \/ Yoast SEO plugin. -->","yoast_head_json":{"title":"Mon employeur peut-il me cong\u00e9dier pour un motif qui va \u00e0 l'encontre des droits de la personne? - CLEO (Community Legal Education Ontario \/ \u00c9ducation juridique communautaire Ontario)","robots":{"index":"index","follow":"follow","max-snippet":"max-snippet:-1","max-image-preview":"max-image-preview:large","max-video-preview":"max-video-preview:-1"},"canonical":"https:\/\/www.cleo.on.ca\/fr\/publications-page\/mon-employeur-peut-il-me-congedier-parce-que-je-suis-enceinte","og_locale":"fr_FR","og_type":"article","og_title":"Mon employeur peut-il me cong\u00e9dier pour un motif qui va \u00e0 l'encontre des droits de la personne? - CLEO (Community Legal Education Ontario \/ \u00c9ducation juridique communautaire Ontario)","og_description":"Dans presque tous les cas, un employeur ne peut pas vous cong\u00e9dier pour les motifs suivants : votre race, couleur, ascendance, origine ethnique ou citoyennet\u00e9, ou le lieu de votre naissance vos croyances religieuses une d\u00e9ficience physique ou mentale, notamment une d\u00e9pendance votre sexe ou identit\u00e9 sexuelle, ou une grossesse votre orientation sexuelle,","og_url":"https:\/\/www.cleo.on.ca\/fr\/publications-page\/mon-employeur-peut-il-me-congedier-parce-que-je-suis-enceinte","og_site_name":"CLEO (Community Legal Education Ontario \/ \u00c9ducation juridique communautaire Ontario)","article_modified_time":"2024-07-19T17:09:25+00:00","twitter_card":"summary_large_image","twitter_misc":{"Dur\u00e9e de lecture estim\u00e9e":"2 minutes"},"schema":{"@context":"https:\/\/schema.org","@graph":[{"@type":"WebPage","@id":"https:\/\/www.cleo.on.ca\/fr\/publications-page\/mon-employeur-peut-il-me-congedier-parce-que-je-suis-enceinte","url":"https:\/\/www.cleo.on.ca\/fr\/publications-page\/mon-employeur-peut-il-me-congedier-parce-que-je-suis-enceinte","name":"Mon employeur peut-il me cong\u00e9dier pour un motif qui va \u00e0 l'encontre des droits de la personne? - CLEO (Community Legal Education Ontario \/ \u00c9ducation juridique communautaire Ontario)","isPartOf":{"@id":"https:\/\/www.cleo.on.ca\/fr#website"},"datePublished":"2012-05-15T17:41:09+00:00","dateModified":"2024-07-19T17:09:25+00:00","breadcrumb":{"@id":"https:\/\/www.cleo.on.ca\/fr\/publications-page\/mon-employeur-peut-il-me-congedier-parce-que-je-suis-enceinte#breadcrumb"},"inLanguage":"fr-FR","potentialAction":[{"@type":"ReadAction","target":["https:\/\/www.cleo.on.ca\/fr\/publications-page\/mon-employeur-peut-il-me-congedier-parce-que-je-suis-enceinte"]}]},{"@type":"BreadcrumbList","@id":"https:\/\/www.cleo.on.ca\/fr\/publications-page\/mon-employeur-peut-il-me-congedier-parce-que-je-suis-enceinte#breadcrumb","itemListElement":[{"@type":"ListItem","position":1,"name":"Home","item":"https:\/\/www.cleo.on.ca\/fr\/accueil-2"},{"@type":"ListItem","position":2,"name":"Publication pages","item":"https:\/\/www.cleo.on.ca\/fr\/publications-page"},{"@type":"ListItem","position":3,"name":"Mon employeur peut-il me cong\u00e9dier pour un motif qui va \u00e0 l&#8217;encontre des droits de la personne?"}]},{"@type":"WebSite","@id":"https:\/\/www.cleo.on.ca\/fr#website","url":"https:\/\/www.cleo.on.ca\/fr","name":"CLEO (Community Legal Education Ontario \/ \u00c9ducation juridique communautaire Ontario)","description":"","potentialAction":[{"@type":"SearchAction","target":{"@type":"EntryPoint","urlTemplate":"https:\/\/www.cleo.on.ca\/fr?s={search_term_string}"},"query-input":{"@type":"PropertyValueSpecification","valueRequired":true,"valueName":"search_term_string"}}],"inLanguage":"fr-FR"}]}},"meta_box":[],"_links":{"self":[{"href":"https:\/\/www.cleo.on.ca\/fr\/wp-json\/wp\/v2\/publications-page\/47557","targetHints":{"allow":["GET"]}}],"collection":[{"href":"https:\/\/www.cleo.on.ca\/fr\/wp-json\/wp\/v2\/publications-page"}],"about":[{"href":"https:\/\/www.cleo.on.ca\/fr\/wp-json\/wp\/v2\/types\/publications-page"}],"version-history":[{"count":5,"href":"https:\/\/www.cleo.on.ca\/fr\/wp-json\/wp\/v2\/publications-page\/47557\/revisions"}],"predecessor-version":[{"id":58034,"href":"https:\/\/www.cleo.on.ca\/fr\/wp-json\/wp\/v2\/publications-page\/47557\/revisions\/58034"}],"wp:attachment":[{"href":"https:\/\/www.cleo.on.ca\/fr\/wp-json\/wp\/v2\/media?parent=47557"}],"curies":[{"name":"wp","href":"https:\/\/api.w.org\/{rel}","templated":true}]}}

Mon employeur peut-il me congédier pour un motif qui va à l&rsquo;encontre des droits de la personne?

<p>Dans presque tous les cas, un employeur ne peut pas vous congédier pour les motifs suivants :</p>
<ul>
<li>votre race, couleur, ascendance, origine ethnique ou citoyenneté, ou le lieu de votre naissance</li>
<li>vos croyances religieuses</li>
<li>une déficience physique ou mentale, notamment une dépendance</li>
<li>votre sexe ou identité sexuelle, ou une grossesse</li>
<li>votre orientation sexuelle, identité de genre ou expression de genre</li>
<li>votre situation de famille ou état matrimonial</li>
<li>votre âge</li>
<li>votre dossier d&rsquo;infractions criminelles</li>
</ul>
<p>Par exemple, votre employeur ne peut pas vous congédier pour l&rsquo;un des motifs suivants :</p>
<ul>
<li>vous êtes enceinte,</li>
<li>vous demandez un congé d&rsquo;invalidité,</li>
<li>vous avez atteint un certain âge.</li>
</ul>
<p>Votre employeur pourrait réussir à vous congédier parce que vous ne pouvez pas accomplir votre travail pour un motif lié aux droits de la personne. Mais il est très rare que ce genre de situation se produise.</p>
<p>Cependant, avant de pouvoir vous congédier, votre employeur doit démontrer que, même avec des mesures d&rsquo;adaptation, vous ne pouvez pas vous acquitter des tâches essentielles de votre emploi.</p>
<h2>Qu&rsquo;est‑ce qu&rsquo;une mesure d&rsquo;adaptation?</h2>
<p>Votre employeur a une obligation appelée &laquo; obligation d&rsquo;accommodement &raquo; dans le cas où vous avez besoin que des mesures d&rsquo;adaptation soient mises en place à votre emploi pour un motif fondé sur les droits de la personne. Cette obligation signifie que votre employeur doit, avec vous, s&rsquo;efforcer de trouver une façon de vous permettre de garder votre emploi.</p>
<p>Par exemple, il se pourrait que vous deviez commencer à travailler plus tôt dans la journée pour pouvoir prendre soin de vos enfants après les heures d&rsquo;école.</p>
<p>Si vous ne pouvez pas travailler maintenant, mais que vous en aurez la possibilité dans le futur, votre employeur pourrait devoir :</p>
<ul>
<li>vous mettre en congé,</li>
<li>vous redonner votre emploi lorsque vous pouvez recommencer à travailler.</li>
</ul>
<p>Si vous estimez que votre employeur vous a congédié(e) pour des motifs qui vont à l&rsquo;encontre des droits de la personne, il pourrait vous être utile d&rsquo;obtenir des conseils juridiques.</p>
<p>Pour savoir à qui vous adresser pour obtenir une assistance juridique, voir <a href="https://www.cleo.on.ca/fr/publications/firedlaidfr/qui-madresser-pour-en-savoir-plus-et-obtenir-une-assistance-juridique">À qui m&rsquo;adresser pour obtenir de l&rsquo;assistance et des renseignements?</a></p>

<!-- This site is optimized with the Yoast SEO plugin v25.2 - https://yoast.com/wordpress/plugins/seo/ -->
<title>Mon employeur peut-il me congédier pour un motif qui va à l&#039;encontre des droits de la personne? - CLEO (Community Legal Education Ontario / Éducation juridique communautaire Ontario)</title>
<meta name="robots" content="index, follow, max-snippet:-1, max-image-preview:large, max-video-preview:-1" />
<link rel="canonical" href="https://www.cleo.on.ca/fr/publications-page/mon-employeur-peut-il-me-congedier-parce-que-je-suis-enceinte" />
<meta property="og:locale" content="fr_FR" />
<meta property="og:type" content="article" />
<meta property="og:title" content="Mon employeur peut-il me congédier pour un motif qui va à l&#039;encontre des droits de la personne? - CLEO (Community Legal Education Ontario / Éducation juridique communautaire Ontario)" />
<meta property="og:description" content="Dans presque tous les cas, un employeur ne peut pas vous congédier pour les motifs suivants : votre race, couleur, ascendance, origine ethnique ou citoyenneté, ou le lieu de votre naissance vos croyances religieuses une déficience physique ou mentale, notamment une dépendance votre sexe ou identité sexuelle, ou une grossesse votre orientation sexuelle," />
<meta property="og:url" content="https://www.cleo.on.ca/fr/publications-page/mon-employeur-peut-il-me-congedier-parce-que-je-suis-enceinte" />
<meta property="og:site_name" content="CLEO (Community Legal Education Ontario / Éducation juridique communautaire Ontario)" />
<meta property="article:modified_time" content="2024-07-19T17:09:25+00:00" />
<meta name="twitter:card" content="summary_large_image" />
<meta name="twitter:label1" content="Durée de lecture estimée" />
	<meta name="twitter:data1" content="2 minutes" />
<script type="application/ld+json" class="yoast-schema-graph">{"@context":"https://schema.org","@graph":[{"@type":"WebPage","@id":"https://www.cleo.on.ca/fr/publications-page/mon-employeur-peut-il-me-congedier-parce-que-je-suis-enceinte","url":"https://www.cleo.on.ca/fr/publications-page/mon-employeur-peut-il-me-congedier-parce-que-je-suis-enceinte","name":"Mon employeur peut-il me congédier pour un motif qui va à l'encontre des droits de la personne? - CLEO (Community Legal Education Ontario / Éducation juridique communautaire Ontario)","isPartOf":{"@id":"https://www.cleo.on.ca/fr#website"},"datePublished":"2012-05-15T17:41:09+00:00","dateModified":"2024-07-19T17:09:25+00:00","breadcrumb":{"@id":"https://www.cleo.on.ca/fr/publications-page/mon-employeur-peut-il-me-congedier-parce-que-je-suis-enceinte#breadcrumb"},"inLanguage":"fr-FR","potentialAction":[{"@type":"ReadAction","target":["https://www.cleo.on.ca/fr/publications-page/mon-employeur-peut-il-me-congedier-parce-que-je-suis-enceinte"]}]},{"@type":"BreadcrumbList","@id":"https://www.cleo.on.ca/fr/publications-page/mon-employeur-peut-il-me-congedier-parce-que-je-suis-enceinte#breadcrumb","itemListElement":[{"@type":"ListItem","position":1,"name":"Home","item":"https://www.cleo.on.ca/fr/accueil-2"},{"@type":"ListItem","position":2,"name":"Publication pages","item":"https://www.cleo.on.ca/fr/publications-page"},{"@type":"ListItem","position":3,"name":"Mon employeur peut-il me congédier pour un motif qui va à l&#8217;encontre des droits de la personne?"}]},{"@type":"WebSite","@id":"https://www.cleo.on.ca/fr#website","url":"https://www.cleo.on.ca/fr","name":"CLEO (Community Legal Education Ontario / Éducation juridique communautaire Ontario)","description":"","potentialAction":[{"@type":"SearchAction","target":{"@type":"EntryPoint","urlTemplate":"https://www.cleo.on.ca/fr?s={search_term_string}"},"query-input":{"@type":"PropertyValueSpecification","valueRequired":true,"valueName":"search_term_string"}}],"inLanguage":"fr-FR"}]}</script>
<!-- / Yoast SEO plugin. -->

Mon employeur peut-il me congédier pour un motif qui va à l'encontre des droits de la personne? - CLEO (Community Legal Education Ontario / Éducation juridique communautaire Ontario)

Dans presque tous les cas, un employeur ne peut pas vous congédier pour les motifs suivants : votre race, couleur, ascendance, origine ethnique ou citoyenneté, ou le lieu de votre naissance vos croyances religieuses une déficience physique ou mentale, notamment une dépendance votre sexe ou identité sexuelle, ou une grossesse votre orientation sexuelle,

CLEO (Community Legal Education Ontario / Éducation juridique communautaire Ontario)

Mon employeur peut-il me congédier pour un motif qui va à l&#8217;encontre des droits de la personne?
