{"id":50155,"date":"2022-08-12T14:05:26","date_gmt":"2022-08-12T18:05:26","guid":{"rendered":"https:\/\/orders.cleo.on.ca\/fr\/?post_type=publications&#038;p=45421\/"},"modified":"2024-07-19T13:10:17","modified_gmt":"2024-07-19T17:10:17","slug":"fr-publications-firedlaidfr-quen-est-il-si-jai-signe-un-contrat-de-travail-dans-lequel-est-fixe-le","status":"publish","type":"publications-page","link":"https:\/\/www.cleo.on.ca\/fr\/publications-page\/fr-publications-firedlaidfr-quen-est-il-si-jai-signe-un-contrat-de-travail-dans-lequel-est-fixe-le","title":{"rendered":"Qu&rsquo;en est-il si j&rsquo;ai un contrat de travail?"},"content":{"rendered":"<p>Il peut arriver qu&rsquo;un employeur tente de limiter le d\u00e9lai de pr\u00e9avis en indiquant un d\u00e9lai dans votre contrat de travail.<\/p>\n<p>Si le d\u00e9lai de pr\u00e9avis indiqu\u00e9 au contrat <strong>peut \u00eatre inf\u00e9rieur<\/strong> au d\u00e9lai minimal pr\u00e9vu dans la LNE, un tribunal refusera de l&rsquo;appliquer.<\/p>\n<p>D&rsquo;autres raisons pourraient amener un tribunal \u00e0 ordonner \u00e0 votre employeur de vous donner un d\u00e9lai de pr\u00e9avis plus long, par exemple :<\/p>\n<ul>\n<li>le contrat n&rsquo;est pas clair<\/li>\n<li>votre employeur vous a forc\u00e9(e) \u00e0 signer le contrat<\/li>\n<li>votre employeur vous a induit(e) en erreur pour vous amener \u00e0 signer le contrat<\/li>\n<li>le d\u00e9lai de pr\u00e9avis fix\u00e9 au contrat est extr\u00eamement injuste<\/li>\n<\/ul>\n<p>Il vous serait peut-\u00eatre utile d&rsquo;obtenir des conseils juridiques pour savoir si vous \u00eates limit\u00e9(e) au d\u00e9lai de pr\u00e9avis fix\u00e9 dans votre contrat de travail.<\/p>\n<p>Pour savoir \u00e0 qui vous adresser pour obtenir une assistance juridique, voir <a href=\"https:\/\/www.cleo.on.ca\/fr\/publications\/firedlaidfr\/qui-madresser-pour-en-savoir-plus-et-obtenir-une-assistance-juridique\">\u00c0 qui m&rsquo;adresser pour obtenir de l&rsquo;assistance et des renseignements?<\/a><\/p>\n","protected":false},"featured_media":0,"template":"","class_list":["post-50155","publications-page","type-publications-page","status-publish","hentry"],"yoast_head":"<!-- This site is optimized with the Yoast SEO plugin v25.2 - https:\/\/yoast.com\/wordpress\/plugins\/seo\/ -->\n<title>Qu&#039;en est-il si j&#039;ai un contrat de travail? - CLEO (Community Legal Education Ontario \/ \u00c9ducation juridique communautaire Ontario)<\/title>\n<meta name=\"robots\" content=\"index, follow, max-snippet:-1, max-image-preview:large, max-video-preview:-1\" \/>\n<link rel=\"canonical\" href=\"https:\/\/www.cleo.on.ca\/fr\/publications-page\/fr-publications-firedlaidfr-quen-est-il-si-jai-signe-un-contrat-de-travail-dans-lequel-est-fixe-le\" \/>\n<meta property=\"og:locale\" content=\"fr_FR\" \/>\n<meta property=\"og:type\" content=\"article\" \/>\n<meta property=\"og:title\" content=\"Qu&#039;en est-il si j&#039;ai un contrat de travail? - CLEO (Community Legal Education Ontario \/ \u00c9ducation juridique communautaire Ontario)\" \/>\n<meta property=\"og:description\" content=\"Il peut arriver qu&rsquo;un employeur tente de limiter le d\u00e9lai de pr\u00e9avis en indiquant un d\u00e9lai dans votre contrat de travail. Si le d\u00e9lai de pr\u00e9avis indiqu\u00e9 au contrat peut \u00eatre inf\u00e9rieur au d\u00e9lai minimal pr\u00e9vu dans la LNE, un tribunal refusera de l&rsquo;appliquer. D&rsquo;autres raisons pourraient amener un tribunal \u00e0 ordonner \u00e0 votre employeur de vous donner un d\u00e9lai de pr\u00e9avis plus long,\" \/>\n<meta property=\"og:url\" content=\"https:\/\/www.cleo.on.ca\/fr\/publications-page\/fr-publications-firedlaidfr-quen-est-il-si-jai-signe-un-contrat-de-travail-dans-lequel-est-fixe-le\" \/>\n<meta property=\"og:site_name\" content=\"CLEO (Community Legal Education Ontario \/ \u00c9ducation juridique communautaire Ontario)\" \/>\n<meta property=\"article:modified_time\" content=\"2024-07-19T17:10:17+00:00\" \/>\n<meta name=\"twitter:card\" content=\"summary_large_image\" \/>\n<meta name=\"twitter:label1\" content=\"Dur\u00e9e de lecture estim\u00e9e\" \/>\n\t<meta name=\"twitter:data1\" content=\"1 minute\" \/>\n<script type=\"application\/ld+json\" class=\"yoast-schema-graph\">{\"@context\":\"https:\/\/schema.org\",\"@graph\":[{\"@type\":\"WebPage\",\"@id\":\"https:\/\/www.cleo.on.ca\/fr\/publications-page\/fr-publications-firedlaidfr-quen-est-il-si-jai-signe-un-contrat-de-travail-dans-lequel-est-fixe-le\",\"url\":\"https:\/\/www.cleo.on.ca\/fr\/publications-page\/fr-publications-firedlaidfr-quen-est-il-si-jai-signe-un-contrat-de-travail-dans-lequel-est-fixe-le\",\"name\":\"Qu'en est-il si j'ai un contrat de travail? - CLEO (Community Legal Education Ontario \/ \u00c9ducation juridique communautaire Ontario)\",\"isPartOf\":{\"@id\":\"https:\/\/www.cleo.on.ca\/fr#website\"},\"datePublished\":\"2022-08-12T18:05:26+00:00\",\"dateModified\":\"2024-07-19T17:10:17+00:00\",\"breadcrumb\":{\"@id\":\"https:\/\/www.cleo.on.ca\/fr\/publications-page\/fr-publications-firedlaidfr-quen-est-il-si-jai-signe-un-contrat-de-travail-dans-lequel-est-fixe-le#breadcrumb\"},\"inLanguage\":\"fr-FR\",\"potentialAction\":[{\"@type\":\"ReadAction\",\"target\":[\"https:\/\/www.cleo.on.ca\/fr\/publications-page\/fr-publications-firedlaidfr-quen-est-il-si-jai-signe-un-contrat-de-travail-dans-lequel-est-fixe-le\"]}]},{\"@type\":\"BreadcrumbList\",\"@id\":\"https:\/\/www.cleo.on.ca\/fr\/publications-page\/fr-publications-firedlaidfr-quen-est-il-si-jai-signe-un-contrat-de-travail-dans-lequel-est-fixe-le#breadcrumb\",\"itemListElement\":[{\"@type\":\"ListItem\",\"position\":1,\"name\":\"Home\",\"item\":\"https:\/\/www.cleo.on.ca\/fr\/accueil-2\"},{\"@type\":\"ListItem\",\"position\":2,\"name\":\"Publication pages\",\"item\":\"https:\/\/www.cleo.on.ca\/fr\/publications-page\"},{\"@type\":\"ListItem\",\"position\":3,\"name\":\"Qu&#8217;en est-il si j&#8217;ai un contrat de travail?\"}]},{\"@type\":\"WebSite\",\"@id\":\"https:\/\/www.cleo.on.ca\/fr#website\",\"url\":\"https:\/\/www.cleo.on.ca\/fr\",\"name\":\"CLEO (Community Legal Education Ontario \/ \u00c9ducation juridique communautaire Ontario)\",\"description\":\"\",\"potentialAction\":[{\"@type\":\"SearchAction\",\"target\":{\"@type\":\"EntryPoint\",\"urlTemplate\":\"https:\/\/www.cleo.on.ca\/fr?s={search_term_string}\"},\"query-input\":{\"@type\":\"PropertyValueSpecification\",\"valueRequired\":true,\"valueName\":\"search_term_string\"}}],\"inLanguage\":\"fr-FR\"}]}<\/script>\n<!-- \/ Yoast SEO plugin. -->","yoast_head_json":{"title":"Qu'en est-il si j'ai un contrat de travail? - CLEO (Community Legal Education Ontario \/ \u00c9ducation juridique communautaire Ontario)","robots":{"index":"index","follow":"follow","max-snippet":"max-snippet:-1","max-image-preview":"max-image-preview:large","max-video-preview":"max-video-preview:-1"},"canonical":"https:\/\/www.cleo.on.ca\/fr\/publications-page\/fr-publications-firedlaidfr-quen-est-il-si-jai-signe-un-contrat-de-travail-dans-lequel-est-fixe-le","og_locale":"fr_FR","og_type":"article","og_title":"Qu'en est-il si j'ai un contrat de travail? - CLEO (Community Legal Education Ontario \/ \u00c9ducation juridique communautaire Ontario)","og_description":"Il peut arriver qu&rsquo;un employeur tente de limiter le d\u00e9lai de pr\u00e9avis en indiquant un d\u00e9lai dans votre contrat de travail. Si le d\u00e9lai de pr\u00e9avis indiqu\u00e9 au contrat peut \u00eatre inf\u00e9rieur au d\u00e9lai minimal pr\u00e9vu dans la LNE, un tribunal refusera de l&rsquo;appliquer. D&rsquo;autres raisons pourraient amener un tribunal \u00e0 ordonner \u00e0 votre employeur de vous donner un d\u00e9lai de pr\u00e9avis plus long,","og_url":"https:\/\/www.cleo.on.ca\/fr\/publications-page\/fr-publications-firedlaidfr-quen-est-il-si-jai-signe-un-contrat-de-travail-dans-lequel-est-fixe-le","og_site_name":"CLEO (Community Legal Education Ontario \/ \u00c9ducation juridique communautaire Ontario)","article_modified_time":"2024-07-19T17:10:17+00:00","twitter_card":"summary_large_image","twitter_misc":{"Dur\u00e9e de lecture estim\u00e9e":"1 minute"},"schema":{"@context":"https:\/\/schema.org","@graph":[{"@type":"WebPage","@id":"https:\/\/www.cleo.on.ca\/fr\/publications-page\/fr-publications-firedlaidfr-quen-est-il-si-jai-signe-un-contrat-de-travail-dans-lequel-est-fixe-le","url":"https:\/\/www.cleo.on.ca\/fr\/publications-page\/fr-publications-firedlaidfr-quen-est-il-si-jai-signe-un-contrat-de-travail-dans-lequel-est-fixe-le","name":"Qu'en est-il si j'ai un contrat de travail? - CLEO (Community Legal Education Ontario \/ \u00c9ducation juridique communautaire Ontario)","isPartOf":{"@id":"https:\/\/www.cleo.on.ca\/fr#website"},"datePublished":"2022-08-12T18:05:26+00:00","dateModified":"2024-07-19T17:10:17+00:00","breadcrumb":{"@id":"https:\/\/www.cleo.on.ca\/fr\/publications-page\/fr-publications-firedlaidfr-quen-est-il-si-jai-signe-un-contrat-de-travail-dans-lequel-est-fixe-le#breadcrumb"},"inLanguage":"fr-FR","potentialAction":[{"@type":"ReadAction","target":["https:\/\/www.cleo.on.ca\/fr\/publications-page\/fr-publications-firedlaidfr-quen-est-il-si-jai-signe-un-contrat-de-travail-dans-lequel-est-fixe-le"]}]},{"@type":"BreadcrumbList","@id":"https:\/\/www.cleo.on.ca\/fr\/publications-page\/fr-publications-firedlaidfr-quen-est-il-si-jai-signe-un-contrat-de-travail-dans-lequel-est-fixe-le#breadcrumb","itemListElement":[{"@type":"ListItem","position":1,"name":"Home","item":"https:\/\/www.cleo.on.ca\/fr\/accueil-2"},{"@type":"ListItem","position":2,"name":"Publication pages","item":"https:\/\/www.cleo.on.ca\/fr\/publications-page"},{"@type":"ListItem","position":3,"name":"Qu&#8217;en est-il si j&#8217;ai un contrat de travail?"}]},{"@type":"WebSite","@id":"https:\/\/www.cleo.on.ca\/fr#website","url":"https:\/\/www.cleo.on.ca\/fr","name":"CLEO (Community Legal Education Ontario \/ \u00c9ducation juridique communautaire Ontario)","description":"","potentialAction":[{"@type":"SearchAction","target":{"@type":"EntryPoint","urlTemplate":"https:\/\/www.cleo.on.ca\/fr?s={search_term_string}"},"query-input":{"@type":"PropertyValueSpecification","valueRequired":true,"valueName":"search_term_string"}}],"inLanguage":"fr-FR"}]}},"meta_box":[],"_links":{"self":[{"href":"https:\/\/www.cleo.on.ca\/fr\/wp-json\/wp\/v2\/publications-page\/50155","targetHints":{"allow":["GET"]}}],"collection":[{"href":"https:\/\/www.cleo.on.ca\/fr\/wp-json\/wp\/v2\/publications-page"}],"about":[{"href":"https:\/\/www.cleo.on.ca\/fr\/wp-json\/wp\/v2\/types\/publications-page"}],"version-history":[{"count":4,"href":"https:\/\/www.cleo.on.ca\/fr\/wp-json\/wp\/v2\/publications-page\/50155\/revisions"}],"predecessor-version":[{"id":58036,"href":"https:\/\/www.cleo.on.ca\/fr\/wp-json\/wp\/v2\/publications-page\/50155\/revisions\/58036"}],"wp:attachment":[{"href":"https:\/\/www.cleo.on.ca\/fr\/wp-json\/wp\/v2\/media?parent=50155"}],"curies":[{"name":"wp","href":"https:\/\/api.w.org\/{rel}","templated":true}]}}

<p>Il peut arriver qu&rsquo;un employeur tente de limiter le délai de préavis en indiquant un délai dans votre contrat de travail.</p>
<p>Si le délai de préavis indiqué au contrat <strong>peut être inférieur</strong> au délai minimal prévu dans la LNE, un tribunal refusera de l&rsquo;appliquer.</p>
<p>D&rsquo;autres raisons pourraient amener un tribunal à ordonner à votre employeur de vous donner un délai de préavis plus long, par exemple :</p>
<ul>
<li>le contrat n&rsquo;est pas clair</li>
<li>votre employeur vous a forcé(e) à signer le contrat</li>
<li>votre employeur vous a induit(e) en erreur pour vous amener à signer le contrat</li>
<li>le délai de préavis fixé au contrat est extrêmement injuste</li>
</ul>
<p>Il vous serait peut-être utile d&rsquo;obtenir des conseils juridiques pour savoir si vous êtes limité(e) au délai de préavis fixé dans votre contrat de travail.</p>
<p>Pour savoir à qui vous adresser pour obtenir une assistance juridique, voir <a href="https://www.cleo.on.ca/fr/publications/firedlaidfr/qui-madresser-pour-en-savoir-plus-et-obtenir-une-assistance-juridique">À qui m&rsquo;adresser pour obtenir de l&rsquo;assistance et des renseignements?</a></p>

<!-- This site is optimized with the Yoast SEO plugin v25.2 - https://yoast.com/wordpress/plugins/seo/ -->
<title>Qu&#039;en est-il si j&#039;ai un contrat de travail? - CLEO (Community Legal Education Ontario / Éducation juridique communautaire Ontario)</title>
<meta name="robots" content="index, follow, max-snippet:-1, max-image-preview:large, max-video-preview:-1" />
<link rel="canonical" href="https://www.cleo.on.ca/fr/publications-page/fr-publications-firedlaidfr-quen-est-il-si-jai-signe-un-contrat-de-travail-dans-lequel-est-fixe-le" />
<meta property="og:locale" content="fr_FR" />
<meta property="og:type" content="article" />
<meta property="og:title" content="Qu&#039;en est-il si j&#039;ai un contrat de travail? - CLEO (Community Legal Education Ontario / Éducation juridique communautaire Ontario)" />
<meta property="og:description" content="Il peut arriver qu&rsquo;un employeur tente de limiter le délai de préavis en indiquant un délai dans votre contrat de travail. Si le délai de préavis indiqué au contrat peut être inférieur au délai minimal prévu dans la LNE, un tribunal refusera de l&rsquo;appliquer. D&rsquo;autres raisons pourraient amener un tribunal à ordonner à votre employeur de vous donner un délai de préavis plus long," />
<meta property="og:url" content="https://www.cleo.on.ca/fr/publications-page/fr-publications-firedlaidfr-quen-est-il-si-jai-signe-un-contrat-de-travail-dans-lequel-est-fixe-le" />
<meta property="og:site_name" content="CLEO (Community Legal Education Ontario / Éducation juridique communautaire Ontario)" />
<meta property="article:modified_time" content="2024-07-19T17:10:17+00:00" />
<meta name="twitter:card" content="summary_large_image" />
<meta name="twitter:label1" content="Durée de lecture estimée" />
	<meta name="twitter:data1" content="1 minute" />
<script type="application/ld+json" class="yoast-schema-graph">{"@context":"https://schema.org","@graph":[{"@type":"WebPage","@id":"https://www.cleo.on.ca/fr/publications-page/fr-publications-firedlaidfr-quen-est-il-si-jai-signe-un-contrat-de-travail-dans-lequel-est-fixe-le","url":"https://www.cleo.on.ca/fr/publications-page/fr-publications-firedlaidfr-quen-est-il-si-jai-signe-un-contrat-de-travail-dans-lequel-est-fixe-le","name":"Qu'en est-il si j'ai un contrat de travail? - CLEO (Community Legal Education Ontario / Éducation juridique communautaire Ontario)","isPartOf":{"@id":"https://www.cleo.on.ca/fr#website"},"datePublished":"2022-08-12T18:05:26+00:00","dateModified":"2024-07-19T17:10:17+00:00","breadcrumb":{"@id":"https://www.cleo.on.ca/fr/publications-page/fr-publications-firedlaidfr-quen-est-il-si-jai-signe-un-contrat-de-travail-dans-lequel-est-fixe-le#breadcrumb"},"inLanguage":"fr-FR","potentialAction":[{"@type":"ReadAction","target":["https://www.cleo.on.ca/fr/publications-page/fr-publications-firedlaidfr-quen-est-il-si-jai-signe-un-contrat-de-travail-dans-lequel-est-fixe-le"]}]},{"@type":"BreadcrumbList","@id":"https://www.cleo.on.ca/fr/publications-page/fr-publications-firedlaidfr-quen-est-il-si-jai-signe-un-contrat-de-travail-dans-lequel-est-fixe-le#breadcrumb","itemListElement":[{"@type":"ListItem","position":1,"name":"Home","item":"https://www.cleo.on.ca/fr/accueil-2"},{"@type":"ListItem","position":2,"name":"Publication pages","item":"https://www.cleo.on.ca/fr/publications-page"},{"@type":"ListItem","position":3,"name":"Qu&#8217;en est-il si j&#8217;ai un contrat de travail?"}]},{"@type":"WebSite","@id":"https://www.cleo.on.ca/fr#website","url":"https://www.cleo.on.ca/fr","name":"CLEO (Community Legal Education Ontario / Éducation juridique communautaire Ontario)","description":"","potentialAction":[{"@type":"SearchAction","target":{"@type":"EntryPoint","urlTemplate":"https://www.cleo.on.ca/fr?s={search_term_string}"},"query-input":{"@type":"PropertyValueSpecification","valueRequired":true,"valueName":"search_term_string"}}],"inLanguage":"fr-FR"}]}</script>
<!-- / Yoast SEO plugin. -->

Qu'en est-il si j'ai un contrat de travail? - CLEO (Community Legal Education Ontario / Éducation juridique communautaire Ontario)

Il peut arriver qu&rsquo;un employeur tente de limiter le délai de préavis en indiquant un délai dans votre contrat de travail. Si le délai de préavis indiqué au contrat peut être inférieur au délai minimal prévu dans la LNE, un tribunal refusera de l&rsquo;appliquer. D&rsquo;autres raisons pourraient amener un tribunal à ordonner à votre employeur de vous donner un délai de préavis plus long,

CLEO (Community Legal Education Ontario / Éducation juridique communautaire Ontario)
